{"id":189,"date":"2017-08-23T09:05:21","date_gmt":"2017-08-23T07:05:21","guid":{"rendered":"http:\/\/www.archeoweb.ch\/villa\/la-vie-quotidienne-a-lepoque-romaine\/les-loisirs\/"},"modified":"2020-03-26T13:41:35","modified_gmt":"2020-03-26T12:41:35","slug":"les-loisirs","status":"publish","type":"page","link":"https:\/\/archeolab.app\/villa\/la-vie-quotidienne-a-lepoque-romaine\/les-loisirs\/","title":{"rendered":"Les loisirs"},"content":{"rendered":"<p style=\"text-align: justify;\">Vous entendez le <em>dominus<\/em> et son \u00e9pouse parler des activit\u00e9s ou spectacles pr\u00e9vus prochainement \u00e0 Lousonna. Vous \u00eates curieux de savoir ce qu\u2019ils peuvent bien faire de leur temps libre et en \u00e9coutant leur conversation, vous comprenez tr\u00e8s vite que les Romains adorent le divertissement.<\/p>\n\n\n<figure class=\"wp-block-gallery columns-4 is-cropped wp-block-gallery-1 is-layout-flex wp-block-gallery-is-layout-flex\"><ul class=\"blocks-gallery-grid\"><li class=\"blocks-gallery-item\"><figure><a href=\"https:\/\/archeolab.app\/villa\/la-vie-quotidienne-a-lepoque-romaine\/les-loisirs\/les-amphitheatres\/\"><img loading=\"lazy\" decoding=\"async\" width=\"400\" height=\"300\" src=\"https:\/\/archeolab.app\/villa\/wp-content\/uploads\/sites\/2\/2017\/08\/13_Avenches_amphitheatre_modelisation_400.jpg\" alt=\"\" data-id=\"1195\" data-full-url=\"https:\/\/archeolab.app\/villa\/wp-content\/uploads\/sites\/2\/2017\/08\/13_Avenches_amphitheatre_modelisation_400.jpg\" data-link=\"https:\/\/archeolab.app\/villa\/13_avenches_amphitheatre_modelisation_400\/\" class=\"wp-image-1195\" srcset=\"https:\/\/archeolab.app\/villa\/wp-content\/uploads\/sites\/2\/2017\/08\/13_Avenches_amphitheatre_modelisation_400.jpg 400w, https:\/\/archeolab.app\/villa\/wp-content\/uploads\/sites\/2\/2017\/08\/13_Avenches_amphitheatre_modelisation_400-300x225.jpg 300w\" sizes=\"auto, (max-width: 400px) 100vw, 400px\" \/><figcaption class=\"blocks-gallery-item__caption\">Les amphith\u00e9\u00e2tres<\/figcaption><\/figure><\/li><li class=\"blocks-gallery-item\"><figure><a href=\"https:\/\/archeolab.app\/villa\/la-vie-quotidienne-a-lepoque-romaine\/les-loisirs\/les-theatres\/\"><img loading=\"lazy\" decoding=\"async\" width=\"780\" height=\"562\" src=\"https:\/\/archeolab.app\/villa\/wp-content\/uploads\/sites\/2\/2017\/08\/21_Avenches_theatre_modelisation_400.jpg\" alt=\"\" data-id=\"1192\" data-full-url=\"https:\/\/archeolab.app\/villa\/wp-content\/uploads\/sites\/2\/2017\/08\/21_Avenches_theatre_modelisation_400.jpg\" data-link=\"https:\/\/archeolab.app\/villa\/tra_textband-indb\/\" class=\"wp-image-1192\" srcset=\"https:\/\/archeolab.app\/villa\/wp-content\/uploads\/sites\/2\/2017\/08\/21_Avenches_theatre_modelisation_400.jpg 780w, https:\/\/archeolab.app\/villa\/wp-content\/uploads\/sites\/2\/2017\/08\/21_Avenches_theatre_modelisation_400-300x216.jpg 300w, https:\/\/archeolab.app\/villa\/wp-content\/uploads\/sites\/2\/2017\/08\/21_Avenches_theatre_modelisation_400-768x553.jpg 768w\" sizes=\"auto, (max-width: 780px) 100vw, 780px\" \/><figcaption class=\"blocks-gallery-item__caption\">Les th\u00e9\u00e2tres<\/figcaption><\/figure><\/li><li class=\"blocks-gallery-item\"><figure><a href=\"https:\/\/archeolab.app\/villa\/la-vie-quotidienne-a-lepoque-romaine\/les-loisirs\/les-courses-de-char\/\"><img loading=\"lazy\" decoding=\"async\" width=\"836\" height=\"1024\" src=\"https:\/\/archeolab.app\/villa\/wp-content\/uploads\/sites\/2\/2018\/01\/1466-mod-836x1024.jpg\" alt=\"\" data-id=\"2051\" data-full-url=\"https:\/\/archeolab.app\/villa\/wp-content\/uploads\/sites\/2\/2018\/01\/1466-mod.jpg\" data-link=\"https:\/\/archeolab.app\/villa\/1466-mod\/\" class=\"wp-image-2051\" srcset=\"https:\/\/archeolab.app\/villa\/wp-content\/uploads\/sites\/2\/2018\/01\/1466-mod-836x1024.jpg 836w, https:\/\/archeolab.app\/villa\/wp-content\/uploads\/sites\/2\/2018\/01\/1466-mod-245x300.jpg 245w, https:\/\/archeolab.app\/villa\/wp-content\/uploads\/sites\/2\/2018\/01\/1466-mod-768x940.jpg 768w, https:\/\/archeolab.app\/villa\/wp-content\/uploads\/sites\/2\/2018\/01\/1466-mod-1254x1536.jpg 1254w, https:\/\/archeolab.app\/villa\/wp-content\/uploads\/sites\/2\/2018\/01\/1466-mod-1200x1469.jpg 1200w, https:\/\/archeolab.app\/villa\/wp-content\/uploads\/sites\/2\/2018\/01\/1466-mod.jpg 1590w\" sizes=\"auto, (max-width: 836px) 100vw, 836px\" \/><figcaption class=\"blocks-gallery-item__caption\">Les courses de char<\/figcaption><\/figure><\/li><li class=\"blocks-gallery-item\"><figure><a href=\"https:\/\/archeolab.app\/villa\/la-vie-quotidienne-a-lepoque-romaine\/les-loisirs\/les-thermes\/\"><img loading=\"lazy\" decoding=\"async\" width=\"690\" height=\"1024\" src=\"https:\/\/archeolab.app\/villa\/wp-content\/uploads\/sites\/2\/2020\/03\/Alma-Tadema_A_Favourite_Custom_1909_Tate_Britain-690x1024.jpg\" alt=\"\" data-id=\"2267\" data-full-url=\"https:\/\/archeolab.app\/villa\/wp-content\/uploads\/sites\/2\/2020\/03\/Alma-Tadema_A_Favourite_Custom_1909_Tate_Britain-scaled.jpg\" data-link=\"https:\/\/archeolab.app\/villa\/la-vie-quotidienne-a-lepoque-romaine\/les-loisirs\/alma-tadema_a_favourite_custom_1909_tate_britain\/\" class=\"wp-image-2267\" srcset=\"https:\/\/archeolab.app\/villa\/wp-content\/uploads\/sites\/2\/2020\/03\/Alma-Tadema_A_Favourite_Custom_1909_Tate_Britain-690x1024.jpg 690w, https:\/\/archeolab.app\/villa\/wp-content\/uploads\/sites\/2\/2020\/03\/Alma-Tadema_A_Favourite_Custom_1909_Tate_Britain-202x300.jpg 202w, https:\/\/archeolab.app\/villa\/wp-content\/uploads\/sites\/2\/2020\/03\/Alma-Tadema_A_Favourite_Custom_1909_Tate_Britain-768x1140.jpg 768w, https:\/\/archeolab.app\/villa\/wp-content\/uploads\/sites\/2\/2020\/03\/Alma-Tadema_A_Favourite_Custom_1909_Tate_Britain-1035x1536.jpg 1035w, https:\/\/archeolab.app\/villa\/wp-content\/uploads\/sites\/2\/2020\/03\/Alma-Tadema_A_Favourite_Custom_1909_Tate_Britain-1380x2048.jpg 1380w, https:\/\/archeolab.app\/villa\/wp-content\/uploads\/sites\/2\/2020\/03\/Alma-Tadema_A_Favourite_Custom_1909_Tate_Britain-scaled.jpg 1725w\" sizes=\"auto, (max-width: 690px) 100vw, 690px\" \/><figcaption class=\"blocks-gallery-item__caption\">Les thermes<\/figcaption><\/figure><\/li><\/ul><\/figure>\n","protected":false},"excerpt":{"rendered":"<p>Vous entendez le dominus et son \u00e9pouse parler des activit\u00e9s ou spectacles pr\u00e9vus prochainement \u00e0 Lousonna. Vous \u00eates curieux de savoir ce qu\u2019ils peuvent bien faire de leur temps libre &hellip; <a href=\"https:\/\/archeolab.app\/villa\/la-vie-quotidienne-a-lepoque-romaine\/les-loisirs\/\" class=\"more-link\">Continuer la lecture de <span class=\"screen-reader-text\">Les loisirs<\/span><\/a><\/p>\n","protected":false},"author":1,"featured_media":0,"parent":178,"menu_order":3,"comment_status":"closed","ping_status":"closed","template":"","meta":{"_acf_changed":false,"footnotes":""},"class_list":["post-189","page","type-page","status-publish","hentry"],"acf":[],"yoast_head":"<!-- This site is optimized with the Yoast SEO plugin v27.5 - https:\/\/yoast.com\/product\/yoast-seo-wordpress\/ -->\n<title>Les loisirs &#8226; La villa romaine du Prieur\u00e9<\/title>\n<meta name=\"robots\" content=\"index, follow, max-snippet:-1, max-image-preview:large, max-video-preview:-1\" \/>\n<link rel=\"canonical\" href=\"https:\/\/archeolab.app\/villa\/la-vie-quotidienne-a-lepoque-romaine\/les-loisirs\/\" \/>\n<meta property=\"og:locale\" content=\"fr_FR\" \/>\n<meta property=\"og:type\" content=\"article\" \/>\n<meta property=\"og:title\" content=\"Les loisirs &#8226; La villa romaine du Prieur\u00e9\" \/>\n<meta property=\"og:description\" content=\"Vous entendez le dominus et son \u00e9pouse parler des activit\u00e9s ou spectacles pr\u00e9vus prochainement \u00e0 Lousonna. Vous \u00eates curieux de savoir ce qu\u2019ils peuvent bien faire de leur temps libre &hellip; Continuer la lecture de Les loisirs\" \/>\n<meta property=\"og:url\" content=\"https:\/\/archeolab.app\/villa\/la-vie-quotidienne-a-lepoque-romaine\/les-loisirs\/\" \/>\n<meta property=\"og:site_name\" content=\"La villa romaine du Prieur\u00e9\" \/>\n<meta property=\"article:modified_time\" content=\"2020-03-26T12:41:35+00:00\" \/>\n<meta property=\"og:image\" content=\"https:\/\/archeolab.app\/villa\/wp-content\/uploads\/sites\/2\/2017\/08\/13_Avenches_amphitheatre_modelisation_400.jpg\" \/>\n<meta name=\"twitter:card\" content=\"summary_large_image\" \/>\n<script type=\"application\/ld+json\" class=\"yoast-schema-graph\">{\"@context\":\"https:\\\/\\\/schema.org\",\"@graph\":[{\"@type\":\"WebPage\",\"@id\":\"https:\\\/\\\/archeolab.app\\\/villa\\\/la-vie-quotidienne-a-lepoque-romaine\\\/les-loisirs\\\/\",\"url\":\"https:\\\/\\\/archeolab.app\\\/villa\\\/la-vie-quotidienne-a-lepoque-romaine\\\/les-loisirs\\\/\",\"name\":\"Les loisirs &#8226; La villa romaine du Prieur\u00e9\",\"isPartOf\":{\"@id\":\"https:\\\/\\\/archeolab.app\\\/villa\\\/#website\"},\"primaryImageOfPage\":{\"@id\":\"https:\\\/\\\/archeolab.app\\\/villa\\\/la-vie-quotidienne-a-lepoque-romaine\\\/les-loisirs\\\/#primaryimage\"},\"image\":{\"@id\":\"https:\\\/\\\/archeolab.app\\\/villa\\\/la-vie-quotidienne-a-lepoque-romaine\\\/les-loisirs\\\/#primaryimage\"},\"thumbnailUrl\":\"https:\\\/\\\/archeolab.app\\\/villa\\\/wp-content\\\/uploads\\\/sites\\\/2\\\/2017\\\/08\\\/13_Avenches_amphitheatre_modelisation_400.jpg\",\"datePublished\":\"2017-08-23T07:05:21+00:00\",\"dateModified\":\"2020-03-26T12:41:35+00:00\",\"breadcrumb\":{\"@id\":\"https:\\\/\\\/archeolab.app\\\/villa\\\/la-vie-quotidienne-a-lepoque-romaine\\\/les-loisirs\\\/#breadcrumb\"},\"inLanguage\":\"fr-FR\",\"potentialAction\":[{\"@type\":\"ReadAction\",\"target\":[\"https:\\\/\\\/archeolab.app\\\/villa\\\/la-vie-quotidienne-a-lepoque-romaine\\\/les-loisirs\\\/\"]}]},{\"@type\":\"ImageObject\",\"inLanguage\":\"fr-FR\",\"@id\":\"https:\\\/\\\/archeolab.app\\\/villa\\\/la-vie-quotidienne-a-lepoque-romaine\\\/les-loisirs\\\/#primaryimage\",\"url\":\"https:\\\/\\\/archeolab.app\\\/villa\\\/wp-content\\\/uploads\\\/sites\\\/2\\\/2017\\\/08\\\/13_Avenches_amphitheatre_modelisation_400.jpg\",\"contentUrl\":\"https:\\\/\\\/archeolab.app\\\/villa\\\/wp-content\\\/uploads\\\/sites\\\/2\\\/2017\\\/08\\\/13_Avenches_amphitheatre_modelisation_400.jpg\",\"width\":400,\"height\":300,\"caption\":\"Les amphith\u00e9\u00e2tres\"},{\"@type\":\"BreadcrumbList\",\"@id\":\"https:\\\/\\\/archeolab.app\\\/villa\\\/la-vie-quotidienne-a-lepoque-romaine\\\/les-loisirs\\\/#breadcrumb\",\"itemListElement\":[{\"@type\":\"ListItem\",\"position\":1,\"name\":\"Accueil\",\"item\":\"https:\\\/\\\/archeolab.app\\\/villa\\\/\"},{\"@type\":\"ListItem\",\"position\":2,\"name\":\"La vie quotidienne \u00e0 l\u2019\u00e9poque romaine\",\"item\":\"https:\\\/\\\/archeolab.app\\\/villa\\\/la-vie-quotidienne-a-lepoque-romaine\\\/\"},{\"@type\":\"ListItem\",\"position\":3,\"name\":\"Les loisirs\"}]},{\"@type\":\"WebSite\",\"@id\":\"https:\\\/\\\/archeolab.app\\\/villa\\\/#website\",\"url\":\"https:\\\/\\\/archeolab.app\\\/villa\\\/\",\"name\":\"La villa romaine du Prieur\u00e9\",\"description\":\"Une visite virtuelle de la villa romaine de Pully\",\"publisher\":{\"@id\":\"https:\\\/\\\/archeolab.app\\\/villa\\\/#organization\"},\"potentialAction\":[{\"@type\":\"SearchAction\",\"target\":{\"@type\":\"EntryPoint\",\"urlTemplate\":\"https:\\\/\\\/archeolab.app\\\/villa\\\/?s={search_term_string}\"},\"query-input\":{\"@type\":\"PropertyValueSpecification\",\"valueRequired\":true,\"valueName\":\"search_term_string\"}}],\"inLanguage\":\"fr-FR\"},{\"@type\":\"Organization\",\"@id\":\"https:\\\/\\\/archeolab.app\\\/villa\\\/#organization\",\"name\":\"Arch\u00e9olab\",\"url\":\"https:\\\/\\\/archeolab.app\\\/villa\\\/\",\"logo\":{\"@type\":\"ImageObject\",\"inLanguage\":\"fr-FR\",\"@id\":\"https:\\\/\\\/archeolab.app\\\/villa\\\/#\\\/schema\\\/logo\\\/image\\\/\",\"url\":\"https:\\\/\\\/archeolab.app\\\/villa\\\/wp-content\\\/uploads\\\/sites\\\/2\\\/2020\\\/03\\\/LOGO_AL.app_small-02.png\",\"contentUrl\":\"https:\\\/\\\/archeolab.app\\\/villa\\\/wp-content\\\/uploads\\\/sites\\\/2\\\/2020\\\/03\\\/LOGO_AL.app_small-02.png\",\"width\":527,\"height\":523,\"caption\":\"Arch\u00e9olab\"},\"image\":{\"@id\":\"https:\\\/\\\/archeolab.app\\\/villa\\\/#\\\/schema\\\/logo\\\/image\\\/\"}}]}<\/script>\n<!-- \/ Yoast SEO plugin. -->","yoast_head_json":{"title":"Les loisirs &#8226; La villa romaine du Prieur\u00e9","robots":{"index":"index","follow":"follow","max-snippet":"max-snippet:-1","max-image-preview":"max-image-preview:large","max-video-preview":"max-video-preview:-1"},"canonical":"https:\/\/archeolab.app\/villa\/la-vie-quotidienne-a-lepoque-romaine\/les-loisirs\/","og_locale":"fr_FR","og_type":"article","og_title":"Les loisirs &#8226; La villa romaine du Prieur\u00e9","og_description":"Vous entendez le dominus et son \u00e9pouse parler des activit\u00e9s ou spectacles pr\u00e9vus prochainement \u00e0 Lousonna. Vous \u00eates curieux de savoir ce qu\u2019ils peuvent bien faire de leur temps libre &hellip; Continuer la lecture de Les loisirs","og_url":"https:\/\/archeolab.app\/villa\/la-vie-quotidienne-a-lepoque-romaine\/les-loisirs\/","og_site_name":"La villa romaine du Prieur\u00e9","article_modified_time":"2020-03-26T12:41:35+00:00","og_image":[{"url":"https:\/\/archeolab.app\/villa\/wp-content\/uploads\/sites\/2\/2017\/08\/13_Avenches_amphitheatre_modelisation_400.jpg","type":"","width":"","height":""}],"twitter_card":"summary_large_image","schema":{"@context":"https:\/\/schema.org","@graph":[{"@type":"WebPage","@id":"https:\/\/archeolab.app\/villa\/la-vie-quotidienne-a-lepoque-romaine\/les-loisirs\/","url":"https:\/\/archeolab.app\/villa\/la-vie-quotidienne-a-lepoque-romaine\/les-loisirs\/","name":"Les loisirs &#8226; La villa romaine du Prieur\u00e9","isPartOf":{"@id":"https:\/\/archeolab.app\/villa\/#website"},"primaryImageOfPage":{"@id":"https:\/\/archeolab.app\/villa\/la-vie-quotidienne-a-lepoque-romaine\/les-loisirs\/#primaryimage"},"image":{"@id":"https:\/\/archeolab.app\/villa\/la-vie-quotidienne-a-lepoque-romaine\/les-loisirs\/#primaryimage"},"thumbnailUrl":"https:\/\/archeolab.app\/villa\/wp-content\/uploads\/sites\/2\/2017\/08\/13_Avenches_amphitheatre_modelisation_400.jpg","datePublished":"2017-08-23T07:05:21+00:00","dateModified":"2020-03-26T12:41:35+00:00","breadcrumb":{"@id":"https:\/\/archeolab.app\/villa\/la-vie-quotidienne-a-lepoque-romaine\/les-loisirs\/#breadcrumb"},"inLanguage":"fr-FR","potentialAction":[{"@type":"ReadAction","target":["https:\/\/archeolab.app\/villa\/la-vie-quotidienne-a-lepoque-romaine\/les-loisirs\/"]}]},{"@type":"ImageObject","inLanguage":"fr-FR","@id":"https:\/\/archeolab.app\/villa\/la-vie-quotidienne-a-lepoque-romaine\/les-loisirs\/#primaryimage","url":"https:\/\/archeolab.app\/villa\/wp-content\/uploads\/sites\/2\/2017\/08\/13_Avenches_amphitheatre_modelisation_400.jpg","contentUrl":"https:\/\/archeolab.app\/villa\/wp-content\/uploads\/sites\/2\/2017\/08\/13_Avenches_amphitheatre_modelisation_400.jpg","width":400,"height":300,"caption":"Les amphith\u00e9\u00e2tres"},{"@type":"BreadcrumbList","@id":"https:\/\/archeolab.app\/villa\/la-vie-quotidienne-a-lepoque-romaine\/les-loisirs\/#breadcrumb","itemListElement":[{"@type":"ListItem","position":1,"name":"Accueil","item":"https:\/\/archeolab.app\/villa\/"},{"@type":"ListItem","position":2,"name":"La vie quotidienne \u00e0 l\u2019\u00e9poque romaine","item":"https:\/\/archeolab.app\/villa\/la-vie-quotidienne-a-lepoque-romaine\/"},{"@type":"ListItem","position":3,"name":"Les loisirs"}]},{"@type":"WebSite","@id":"https:\/\/archeolab.app\/villa\/#website","url":"https:\/\/archeolab.app\/villa\/","name":"La villa romaine du Prieur\u00e9","description":"Une visite virtuelle de la villa romaine de Pully","publisher":{"@id":"https:\/\/archeolab.app\/villa\/#organization"},"potentialAction":[{"@type":"SearchAction","target":{"@type":"EntryPoint","urlTemplate":"https:\/\/archeolab.app\/villa\/?s={search_term_string}"},"query-input":{"@type":"PropertyValueSpecification","valueRequired":true,"valueName":"search_term_string"}}],"inLanguage":"fr-FR"},{"@type":"Organization","@id":"https:\/\/archeolab.app\/villa\/#organization","name":"Arch\u00e9olab","url":"https:\/\/archeolab.app\/villa\/","logo":{"@type":"ImageObject","inLanguage":"fr-FR","@id":"https:\/\/archeolab.app\/villa\/#\/schema\/logo\/image\/","url":"https:\/\/archeolab.app\/villa\/wp-content\/uploads\/sites\/2\/2020\/03\/LOGO_AL.app_small-02.png","contentUrl":"https:\/\/archeolab.app\/villa\/wp-content\/uploads\/sites\/2\/2020\/03\/LOGO_AL.app_small-02.png","width":527,"height":523,"caption":"Arch\u00e9olab"},"image":{"@id":"https:\/\/archeolab.app\/villa\/#\/schema\/logo\/image\/"}}]}},"_links":{"self":[{"href":"https:\/\/archeolab.app\/villa\/wp-json\/wp\/v2\/pages\/189","targetHints":{"allow":["GET"]}}],"collection":[{"href":"https:\/\/archeolab.app\/villa\/wp-json\/wp\/v2\/pages"}],"about":[{"href":"https:\/\/archeolab.app\/villa\/wp-json\/wp\/v2\/types\/page"}],"author":[{"embeddable":true,"href":"https:\/\/archeolab.app\/villa\/wp-json\/wp\/v2\/users\/1"}],"replies":[{"embeddable":true,"href":"https:\/\/archeolab.app\/villa\/wp-json\/wp\/v2\/comments?post=189"}],"version-history":[{"count":2,"href":"https:\/\/archeolab.app\/villa\/wp-json\/wp\/v2\/pages\/189\/revisions"}],"predecessor-version":[{"id":2342,"href":"https:\/\/archeolab.app\/villa\/wp-json\/wp\/v2\/pages\/189\/revisions\/2342"}],"up":[{"embeddable":true,"href":"https:\/\/archeolab.app\/villa\/wp-json\/wp\/v2\/pages\/178"}],"wp:attachment":[{"href":"https:\/\/archeolab.app\/villa\/wp-json\/wp\/v2\/media?parent=189"}],"curies":[{"name":"wp","href":"https:\/\/api.w.org\/{rel}","templated":true}]}}