{"id":154,"date":"2017-08-23T09:05:21","date_gmt":"2017-08-23T07:05:21","guid":{"rendered":"http:\/\/www.archeoweb.ch\/villa\/lhistoire-de-la-villa\/de-lantiquite-a-nos-jours\/antiquite-tardive\/"},"modified":"2020-03-26T11:02:43","modified_gmt":"2020-03-26T10:02:43","slug":"antiquite-tardive","status":"publish","type":"page","link":"https:\/\/archeolab.app\/villa\/apres-la-villa\/antiquite-tardive\/","title":{"rendered":"Du 3e au 4e si\u00e8cle, l&rsquo;abandon  de la villa"},"content":{"rendered":"<p style=\"text-align: justify;\">Vers la fin de l\u2019Antiquit\u00e9, la <em>villa<\/em>\u00a0est peu \u00e0 peu abandonn\u00e9e, comme l\u2019atteste le peu de mobilier retrouv\u00e9, montrant qu\u2019il ne s\u2019agit pas d\u2019un d\u00e9part pr\u00e9cipit\u00e9 de ses habitants. C\u2019est le cas du second h\u00e9micycle qui est ravag\u00e9 par un incendie au d\u00e9but du 4<sup>e<\/sup> si\u00e8cle. Malgr\u00e9 cette d\u00e9t\u00e9rioration, la <em>villa<\/em> continue d\u2019\u00eatre habit\u00e9e occasionnellement, comme l\u2019atteste le mobilier retrouv\u00e9 en fouille.<\/p>\n<p style=\"text-align: justify;\">Plusieurs autres <em>villae<\/em> du Plateau suisse, notamment celle d\u2019Orbe-Bosc\u00e9az, pr\u00e9sentent les m\u00eames caract\u00e9ristiques, \u00e0 savoir : un abandon de la <em>villa<\/em> vers la fin du 3<sup>e<\/sup> si\u00e8cle suivi d\u2019une r\u00e9occupation partielle de la demeure jusque \u00e0 la fin de l\u2019Antiquit\u00e9. Ces diff\u00e9rents abandons refl\u00e8tent un climat d&rsquo;instabilit\u00e9 \u00e0 l&rsquo;\u00e9chelle r\u00e9gionale qui d\u00e9coule de toute une s\u00e9rie de facteurs.<\/p>\n<p>\u21d2 <a href=\"https:\/\/archeolab.app\/villa\/apres-la-villa\/haut-moyen-age-5e-8e-siecle\/\">Du 5<sup>e<\/sup>\u00a0au 8<sup>e<\/sup> si\u00e8cle, un lieu de m\u00e9moire<\/a><\/p>\n","protected":false},"excerpt":{"rendered":"<p>Vers la fin de l\u2019Antiquit\u00e9, la villa\u00a0est peu \u00e0 peu abandonn\u00e9e, comme l\u2019atteste le peu de mobilier retrouv\u00e9, montrant qu\u2019il ne s\u2019agit pas d\u2019un d\u00e9part pr\u00e9cipit\u00e9 de ses habitants. C\u2019est &hellip; <a href=\"https:\/\/archeolab.app\/villa\/apres-la-villa\/antiquite-tardive\/\" class=\"more-link\">Continuer la lecture de <span class=\"screen-reader-text\">Du 3e au 4e si\u00e8cle, l&rsquo;abandon  de la villa<\/span><\/a><\/p>\n","protected":false},"author":1,"featured_media":0,"parent":2201,"menu_order":1,"comment_status":"closed","ping_status":"closed","template":"","meta":{"_acf_changed":false,"footnotes":""},"class_list":["post-154","page","type-page","status-publish","hentry"],"acf":[],"yoast_head":"<!-- This site is optimized with the Yoast SEO plugin v27.5 - https:\/\/yoast.com\/product\/yoast-seo-wordpress\/ -->\n<title>Du 3e au 4e si\u00e8cle, l&#039;abandon de la villa &#8226; La villa romaine du Prieur\u00e9<\/title>\n<meta name=\"robots\" content=\"index, follow, max-snippet:-1, max-image-preview:large, max-video-preview:-1\" \/>\n<link rel=\"canonical\" href=\"https:\/\/archeolab.app\/villa\/apres-la-villa\/antiquite-tardive\/\" \/>\n<meta property=\"og:locale\" content=\"fr_FR\" \/>\n<meta property=\"og:type\" content=\"article\" \/>\n<meta property=\"og:title\" content=\"Du 3e au 4e si\u00e8cle, l&#039;abandon de la villa &#8226; La villa romaine du Prieur\u00e9\" \/>\n<meta property=\"og:description\" content=\"Vers la fin de l\u2019Antiquit\u00e9, la villa\u00a0est peu \u00e0 peu abandonn\u00e9e, comme l\u2019atteste le peu de mobilier retrouv\u00e9, montrant qu\u2019il ne s\u2019agit pas d\u2019un d\u00e9part pr\u00e9cipit\u00e9 de ses habitants. C\u2019est &hellip; Continuer la lecture de Du 3e au 4e si\u00e8cle, l&rsquo;abandon de la villa\" \/>\n<meta property=\"og:url\" content=\"https:\/\/archeolab.app\/villa\/apres-la-villa\/antiquite-tardive\/\" \/>\n<meta property=\"og:site_name\" content=\"La villa romaine du Prieur\u00e9\" \/>\n<meta property=\"article:modified_time\" content=\"2020-03-26T10:02:43+00:00\" \/>\n<meta name=\"twitter:card\" content=\"summary_large_image\" \/>\n<meta name=\"twitter:label1\" content=\"Dur\u00e9e de lecture estim\u00e9e\" \/>\n\t<meta name=\"twitter:data1\" content=\"1 minute\" \/>\n<script type=\"application\/ld+json\" class=\"yoast-schema-graph\">{\"@context\":\"https:\\\/\\\/schema.org\",\"@graph\":[{\"@type\":\"WebPage\",\"@id\":\"https:\\\/\\\/archeolab.app\\\/villa\\\/apres-la-villa\\\/antiquite-tardive\\\/\",\"url\":\"https:\\\/\\\/archeolab.app\\\/villa\\\/apres-la-villa\\\/antiquite-tardive\\\/\",\"name\":\"Du 3e au 4e si\u00e8cle, l'abandon de la villa &#8226; La villa romaine du Prieur\u00e9\",\"isPartOf\":{\"@id\":\"https:\\\/\\\/archeolab.app\\\/villa\\\/#website\"},\"datePublished\":\"2017-08-23T07:05:21+00:00\",\"dateModified\":\"2020-03-26T10:02:43+00:00\",\"breadcrumb\":{\"@id\":\"https:\\\/\\\/archeolab.app\\\/villa\\\/apres-la-villa\\\/antiquite-tardive\\\/#breadcrumb\"},\"inLanguage\":\"fr-FR\",\"potentialAction\":[{\"@type\":\"ReadAction\",\"target\":[\"https:\\\/\\\/archeolab.app\\\/villa\\\/apres-la-villa\\\/antiquite-tardive\\\/\"]}]},{\"@type\":\"BreadcrumbList\",\"@id\":\"https:\\\/\\\/archeolab.app\\\/villa\\\/apres-la-villa\\\/antiquite-tardive\\\/#breadcrumb\",\"itemListElement\":[{\"@type\":\"ListItem\",\"position\":1,\"name\":\"Accueil\",\"item\":\"https:\\\/\\\/archeolab.app\\\/villa\\\/\"},{\"@type\":\"ListItem\",\"position\":2,\"name\":\"Apr\u00e8s la villa\",\"item\":\"https:\\\/\\\/archeolab.app\\\/villa\\\/apres-la-villa\\\/\"},{\"@type\":\"ListItem\",\"position\":3,\"name\":\"Du 3e au 4e si\u00e8cle, l&rsquo;abandon de la villa\"}]},{\"@type\":\"WebSite\",\"@id\":\"https:\\\/\\\/archeolab.app\\\/villa\\\/#website\",\"url\":\"https:\\\/\\\/archeolab.app\\\/villa\\\/\",\"name\":\"La villa romaine du Prieur\u00e9\",\"description\":\"Une visite virtuelle de la villa romaine de Pully\",\"publisher\":{\"@id\":\"https:\\\/\\\/archeolab.app\\\/villa\\\/#organization\"},\"potentialAction\":[{\"@type\":\"SearchAction\",\"target\":{\"@type\":\"EntryPoint\",\"urlTemplate\":\"https:\\\/\\\/archeolab.app\\\/villa\\\/?s={search_term_string}\"},\"query-input\":{\"@type\":\"PropertyValueSpecification\",\"valueRequired\":true,\"valueName\":\"search_term_string\"}}],\"inLanguage\":\"fr-FR\"},{\"@type\":\"Organization\",\"@id\":\"https:\\\/\\\/archeolab.app\\\/villa\\\/#organization\",\"name\":\"Arch\u00e9olab\",\"url\":\"https:\\\/\\\/archeolab.app\\\/villa\\\/\",\"logo\":{\"@type\":\"ImageObject\",\"inLanguage\":\"fr-FR\",\"@id\":\"https:\\\/\\\/archeolab.app\\\/villa\\\/#\\\/schema\\\/logo\\\/image\\\/\",\"url\":\"https:\\\/\\\/archeolab.app\\\/villa\\\/wp-content\\\/uploads\\\/sites\\\/2\\\/2020\\\/03\\\/LOGO_AL.app_small-02.png\",\"contentUrl\":\"https:\\\/\\\/archeolab.app\\\/villa\\\/wp-content\\\/uploads\\\/sites\\\/2\\\/2020\\\/03\\\/LOGO_AL.app_small-02.png\",\"width\":527,\"height\":523,\"caption\":\"Arch\u00e9olab\"},\"image\":{\"@id\":\"https:\\\/\\\/archeolab.app\\\/villa\\\/#\\\/schema\\\/logo\\\/image\\\/\"}}]}<\/script>\n<!-- \/ Yoast SEO plugin. -->","yoast_head_json":{"title":"Du 3e au 4e si\u00e8cle, l'abandon de la villa &#8226; La villa romaine du Prieur\u00e9","robots":{"index":"index","follow":"follow","max-snippet":"max-snippet:-1","max-image-preview":"max-image-preview:large","max-video-preview":"max-video-preview:-1"},"canonical":"https:\/\/archeolab.app\/villa\/apres-la-villa\/antiquite-tardive\/","og_locale":"fr_FR","og_type":"article","og_title":"Du 3e au 4e si\u00e8cle, l'abandon de la villa &#8226; La villa romaine du Prieur\u00e9","og_description":"Vers la fin de l\u2019Antiquit\u00e9, la villa\u00a0est peu \u00e0 peu abandonn\u00e9e, comme l\u2019atteste le peu de mobilier retrouv\u00e9, montrant qu\u2019il ne s\u2019agit pas d\u2019un d\u00e9part pr\u00e9cipit\u00e9 de ses habitants. C\u2019est &hellip; Continuer la lecture de Du 3e au 4e si\u00e8cle, l&rsquo;abandon de la villa","og_url":"https:\/\/archeolab.app\/villa\/apres-la-villa\/antiquite-tardive\/","og_site_name":"La villa romaine du Prieur\u00e9","article_modified_time":"2020-03-26T10:02:43+00:00","twitter_card":"summary_large_image","twitter_misc":{"Dur\u00e9e de lecture estim\u00e9e":"1 minute"},"schema":{"@context":"https:\/\/schema.org","@graph":[{"@type":"WebPage","@id":"https:\/\/archeolab.app\/villa\/apres-la-villa\/antiquite-tardive\/","url":"https:\/\/archeolab.app\/villa\/apres-la-villa\/antiquite-tardive\/","name":"Du 3e au 4e si\u00e8cle, l'abandon de la villa &#8226; La villa romaine du Prieur\u00e9","isPartOf":{"@id":"https:\/\/archeolab.app\/villa\/#website"},"datePublished":"2017-08-23T07:05:21+00:00","dateModified":"2020-03-26T10:02:43+00:00","breadcrumb":{"@id":"https:\/\/archeolab.app\/villa\/apres-la-villa\/antiquite-tardive\/#breadcrumb"},"inLanguage":"fr-FR","potentialAction":[{"@type":"ReadAction","target":["https:\/\/archeolab.app\/villa\/apres-la-villa\/antiquite-tardive\/"]}]},{"@type":"BreadcrumbList","@id":"https:\/\/archeolab.app\/villa\/apres-la-villa\/antiquite-tardive\/#breadcrumb","itemListElement":[{"@type":"ListItem","position":1,"name":"Accueil","item":"https:\/\/archeolab.app\/villa\/"},{"@type":"ListItem","position":2,"name":"Apr\u00e8s la villa","item":"https:\/\/archeolab.app\/villa\/apres-la-villa\/"},{"@type":"ListItem","position":3,"name":"Du 3e au 4e si\u00e8cle, l&rsquo;abandon de la villa"}]},{"@type":"WebSite","@id":"https:\/\/archeolab.app\/villa\/#website","url":"https:\/\/archeolab.app\/villa\/","name":"La villa romaine du Prieur\u00e9","description":"Une visite virtuelle de la villa romaine de Pully","publisher":{"@id":"https:\/\/archeolab.app\/villa\/#organization"},"potentialAction":[{"@type":"SearchAction","target":{"@type":"EntryPoint","urlTemplate":"https:\/\/archeolab.app\/villa\/?s={search_term_string}"},"query-input":{"@type":"PropertyValueSpecification","valueRequired":true,"valueName":"search_term_string"}}],"inLanguage":"fr-FR"},{"@type":"Organization","@id":"https:\/\/archeolab.app\/villa\/#organization","name":"Arch\u00e9olab","url":"https:\/\/archeolab.app\/villa\/","logo":{"@type":"ImageObject","inLanguage":"fr-FR","@id":"https:\/\/archeolab.app\/villa\/#\/schema\/logo\/image\/","url":"https:\/\/archeolab.app\/villa\/wp-content\/uploads\/sites\/2\/2020\/03\/LOGO_AL.app_small-02.png","contentUrl":"https:\/\/archeolab.app\/villa\/wp-content\/uploads\/sites\/2\/2020\/03\/LOGO_AL.app_small-02.png","width":527,"height":523,"caption":"Arch\u00e9olab"},"image":{"@id":"https:\/\/archeolab.app\/villa\/#\/schema\/logo\/image\/"}}]}},"_links":{"self":[{"href":"https:\/\/archeolab.app\/villa\/wp-json\/wp\/v2\/pages\/154","targetHints":{"allow":["GET"]}}],"collection":[{"href":"https:\/\/archeolab.app\/villa\/wp-json\/wp\/v2\/pages"}],"about":[{"href":"https:\/\/archeolab.app\/villa\/wp-json\/wp\/v2\/types\/page"}],"author":[{"embeddable":true,"href":"https:\/\/archeolab.app\/villa\/wp-json\/wp\/v2\/users\/1"}],"replies":[{"embeddable":true,"href":"https:\/\/archeolab.app\/villa\/wp-json\/wp\/v2\/comments?post=154"}],"version-history":[{"count":3,"href":"https:\/\/archeolab.app\/villa\/wp-json\/wp\/v2\/pages\/154\/revisions"}],"predecessor-version":[{"id":2285,"href":"https:\/\/archeolab.app\/villa\/wp-json\/wp\/v2\/pages\/154\/revisions\/2285"}],"up":[{"embeddable":true,"href":"https:\/\/archeolab.app\/villa\/wp-json\/wp\/v2\/pages\/2201"}],"wp:attachment":[{"href":"https:\/\/archeolab.app\/villa\/wp-json\/wp\/v2\/media?parent=154"}],"curies":[{"name":"wp","href":"https:\/\/api.w.org\/{rel}","templated":true}]}}