{"id":151,"date":"2017-08-23T09:05:21","date_gmt":"2017-08-23T07:05:21","guid":{"rendered":"http:\/\/www.archeoweb.ch\/villa\/lhistoire-de-la-villa\/epoque-romaine\/3e-siecle-ap-j-c\/le-tresor-de-la-villa\/"},"modified":"2020-03-26T10:01:14","modified_gmt":"2020-03-26T09:01:14","slug":"le-tresor-de-la-villa","status":"publish","type":"page","link":"https:\/\/archeolab.app\/villa\/lhistoire-de-la-villa\/troisieme-siecle-apres-j-c\/le-tresor-de-la-villa\/","title":{"rendered":"Le tr\u00e9sor de la villa"},"content":{"rendered":"<p style=\"text-align: justify;\">\u00c0 l\u2019int\u00e9rieur de l&rsquo;un des b\u00e2timents ravag\u00e9s par un incendie, <a href=\"https:\/\/archeolab.app\/villa\/lhistoire-de-la-villa\/epoque-romaine\/troisieme-siecle-apres-j-c\/\">la \u00ab\u00a0tour\u00a0\u00bb m\u00e9ridionale (C8)<\/a>, un tr\u00e9sor mon\u00e9taire a \u00e9t\u00e9 d\u00e9couvert. Ce riche tr\u00e9sor comportait plus de 45 monnaies, d\u00e9pos\u00e9es dans un gobelet m\u00e9tallique recouvert par une casserole en bronze pos\u00e9e \u00e0 l\u2019envers. La position des r\u00e9cipients lors de la d\u00e9couverte laisse sugg\u00e9rer qu\u2019ils \u00e9taient \u00e0 l\u2019origine dispos\u00e9s sur un meuble, d\u00e9truit lors de l\u2019incendie. Les monnaies repr\u00e9sentaient diff\u00e9rents empereurs romains, allant de Vespasien \u00e0 Maximin le Thrace, soit de 69 \u00e0 236-238 ap. J.-C. L\u2019incendie du b\u00e2timent remonte donc au plus t\u00f4t \u00e0 l\u2019an 236 de notre \u00e8re.<\/p>\n<figure id=\"attachment_1410\" aria-describedby=\"caption-attachment-1410\" style=\"width: 525px\" class=\"wp-caption aligncenter\"><img loading=\"lazy\" decoding=\"async\" class=\"wp-image-1410 size-large\" src=\"https:\/\/archeolab.app\/villa\/wp-content\/uploads\/sites\/2\/2017\/08\/fig338_provisoiremod-679x1024.jpg\" alt=\"\" width=\"525\" height=\"792\" srcset=\"https:\/\/archeolab.app\/villa\/wp-content\/uploads\/sites\/2\/2017\/08\/fig338_provisoiremod-679x1024.jpg 679w, https:\/\/archeolab.app\/villa\/wp-content\/uploads\/sites\/2\/2017\/08\/fig338_provisoiremod-199x300.jpg 199w, https:\/\/archeolab.app\/villa\/wp-content\/uploads\/sites\/2\/2017\/08\/fig338_provisoiremod.jpg 712w\" sizes=\"auto, (max-width: 525px) 100vw, 525px\" \/><figcaption id=\"caption-attachment-1410\" class=\"wp-caption-text\">Tr\u00e9sor in situ. MAY CASTELLA (C.) (dir.), La villa romaine du Prieur\u00e9 \u00e0 Pully et ses peintures murales. Fouilles de 1971-1976 et 2002-2004, Cahiers d\u2019arch\u00e9ologie romande, Lausanne, 2013, p. 272, fig. 338.<\/figcaption><\/figure>\n<figure id=\"attachment_1728\" aria-describedby=\"caption-attachment-1728\" style=\"width: 666px\" class=\"wp-caption aligncenter\"><img loading=\"lazy\" decoding=\"async\" class=\"wp-image-1728 \" src=\"https:\/\/archeolab.app\/villa\/wp-content\/uploads\/sites\/2\/2018\/06\/tr\u00e9sor-monn\u00e9taire-labo028-e1529910342387-1024x796.jpg\" alt=\"\" width=\"666\" height=\"518\" \/><figcaption id=\"caption-attachment-1728\" class=\"wp-caption-text\">Le tr\u00e9sor apr\u00e8s le pr\u00e9l\u00e8vement. MAY CASTELLA (C.) (dir.), La villa romaine du Prieur\u00e9 \u00e0 Pully et ses peintures murales. Fouilles de 1971-1976 et 2002-2004, Cahiers d\u2019arch\u00e9ologie romande, Lausanne, 2013, p. 275, fig. 342. Photo laboratoire de conservation-restauration du Mus\u00e9e cantonal d\u2019arch\u00e9ologie et d\u2019histoire, Lausanne.<\/figcaption><\/figure>\n<figure id=\"attachment_1764\" aria-describedby=\"caption-attachment-1764\" style=\"width: 525px\" class=\"wp-caption aligncenter\"><img loading=\"lazy\" decoding=\"async\" class=\"size-large wp-image-1764\" src=\"https:\/\/archeolab.app\/villa\/wp-content\/uploads\/sites\/2\/2018\/06\/PUP2003-19avrv-1024x511.png\" alt=\"\" width=\"525\" height=\"262\" \/><figcaption id=\"caption-attachment-1764\" class=\"wp-caption-text\">Sesterce en orichalque datant de l&#8217;empereur Commode, 192 ap. J.-C. Dimensions : 33 x 31 mm.\u00a0\u00a9 Mus\u00e9e mon\u00e9taire cantonal.<\/figcaption><\/figure>\n<figure id=\"attachment_1765\" aria-describedby=\"caption-attachment-1765\" style=\"width: 525px\" class=\"wp-caption aligncenter\"><img loading=\"lazy\" decoding=\"async\" class=\"wp-image-1765 size-large\" src=\"https:\/\/archeolab.app\/villa\/wp-content\/uploads\/sites\/2\/2018\/06\/PUP2003-20.avrv_-1024x486.png\" alt=\"\" width=\"525\" height=\"249\" \/><figcaption id=\"caption-attachment-1765\" class=\"wp-caption-text\">Sesterce en orichalque datant de l&#8217;empereur S\u00e9v\u00e8re Alexandre pour Iulia Mamaea, 228 ap. J.-C. Dimensions : 32.1 x 28.9 mm.\u00a0\u00a9 Mus\u00e9e mon\u00e9taire cantonal.<\/figcaption><\/figure>\n<figure id=\"attachment_1763\" aria-describedby=\"caption-attachment-1763\" style=\"width: 948px\" class=\"wp-caption aligncenter\"><img loading=\"lazy\" decoding=\"async\" class=\"wp-image-1763 size-full\" src=\"https:\/\/archeolab.app\/villa\/wp-content\/uploads\/sites\/2\/2018\/06\/fig340-2-e1529919209524.jpg\" alt=\"\" width=\"948\" height=\"565\" \/><figcaption id=\"caption-attachment-1763\" class=\"wp-caption-text\">Casserole et gobelet en bronze contenant le tr\u00e9sor mon\u00e9taire une fois restaur\u00e9s.\u00a0MAY CASTELLA (C.) (dir.), La villa romaine du Prieur\u00e9 \u00e0 Pully et ses peintures murales. Fouilles de 1971-1976 et 2002-2004, Cahiers d\u2019arch\u00e9ologie romande, Lausanne, 2013, p. 274, fig. 340.<\/figcaption><\/figure>\n<p>\u21d2 <a href=\"https:\/\/archeolab.app\/villa\/lhistoire-de-la-villa\/troisieme-siecle-apres-j-c\/une-villa-unique\/\">Une <em>villa<\/em> unique<\/a><\/p>\n","protected":false},"excerpt":{"rendered":"<p>\u00c0 l\u2019int\u00e9rieur de l&rsquo;un des b\u00e2timents ravag\u00e9s par un incendie, la \u00ab\u00a0tour\u00a0\u00bb m\u00e9ridionale (C8), un tr\u00e9sor mon\u00e9taire a \u00e9t\u00e9 d\u00e9couvert. Ce riche tr\u00e9sor comportait plus de 45 monnaies, d\u00e9pos\u00e9es dans &hellip; <a href=\"https:\/\/archeolab.app\/villa\/lhistoire-de-la-villa\/troisieme-siecle-apres-j-c\/le-tresor-de-la-villa\/\" class=\"more-link\">Continuer la lecture de <span class=\"screen-reader-text\">Le tr\u00e9sor de la villa<\/span><\/a><\/p>\n","protected":false},"author":1,"featured_media":0,"parent":150,"menu_order":0,"comment_status":"closed","ping_status":"closed","template":"","meta":{"_acf_changed":false,"footnotes":""},"class_list":["post-151","page","type-page","status-publish","hentry"],"acf":[],"yoast_head":"<!-- This site is optimized with the Yoast SEO plugin v27.5 - https:\/\/yoast.com\/product\/yoast-seo-wordpress\/ -->\n<title>Le tr\u00e9sor de la villa &#8226; La villa romaine du Prieur\u00e9<\/title>\n<meta name=\"robots\" content=\"index, follow, max-snippet:-1, max-image-preview:large, max-video-preview:-1\" \/>\n<link rel=\"canonical\" href=\"https:\/\/archeolab.app\/villa\/lhistoire-de-la-villa\/troisieme-siecle-apres-j-c\/le-tresor-de-la-villa\/\" \/>\n<meta property=\"og:locale\" content=\"fr_FR\" \/>\n<meta property=\"og:type\" content=\"article\" \/>\n<meta property=\"og:title\" content=\"Le tr\u00e9sor de la villa &#8226; La villa romaine du Prieur\u00e9\" \/>\n<meta property=\"og:description\" content=\"\u00c0 l\u2019int\u00e9rieur de l&rsquo;un des b\u00e2timents ravag\u00e9s par un incendie, la \u00ab\u00a0tour\u00a0\u00bb m\u00e9ridionale (C8), un tr\u00e9sor mon\u00e9taire a \u00e9t\u00e9 d\u00e9couvert. Ce riche tr\u00e9sor comportait plus de 45 monnaies, d\u00e9pos\u00e9es dans &hellip; Continuer la lecture de Le tr\u00e9sor de la villa\" \/>\n<meta property=\"og:url\" content=\"https:\/\/archeolab.app\/villa\/lhistoire-de-la-villa\/troisieme-siecle-apres-j-c\/le-tresor-de-la-villa\/\" \/>\n<meta property=\"og:site_name\" content=\"La villa romaine du Prieur\u00e9\" \/>\n<meta property=\"article:modified_time\" content=\"2020-03-26T09:01:14+00:00\" \/>\n<meta property=\"og:image\" content=\"https:\/\/archeolab.app\/villa\/wp-content\/uploads\/sites\/2\/2017\/08\/fig338_provisoiremod-679x1024.jpg\" \/>\n<meta name=\"twitter:card\" content=\"summary_large_image\" \/>\n<meta name=\"twitter:label1\" content=\"Dur\u00e9e de lecture estim\u00e9e\" \/>\n\t<meta name=\"twitter:data1\" content=\"2 minutes\" \/>\n<script type=\"application\/ld+json\" class=\"yoast-schema-graph\">{\"@context\":\"https:\\\/\\\/schema.org\",\"@graph\":[{\"@type\":\"WebPage\",\"@id\":\"https:\\\/\\\/archeolab.app\\\/villa\\\/lhistoire-de-la-villa\\\/troisieme-siecle-apres-j-c\\\/le-tresor-de-la-villa\\\/\",\"url\":\"https:\\\/\\\/archeolab.app\\\/villa\\\/lhistoire-de-la-villa\\\/troisieme-siecle-apres-j-c\\\/le-tresor-de-la-villa\\\/\",\"name\":\"Le tr\u00e9sor de la villa &#8226; La villa romaine du Prieur\u00e9\",\"isPartOf\":{\"@id\":\"https:\\\/\\\/archeolab.app\\\/villa\\\/#website\"},\"primaryImageOfPage\":{\"@id\":\"https:\\\/\\\/archeolab.app\\\/villa\\\/lhistoire-de-la-villa\\\/troisieme-siecle-apres-j-c\\\/le-tresor-de-la-villa\\\/#primaryimage\"},\"image\":{\"@id\":\"https:\\\/\\\/archeolab.app\\\/villa\\\/lhistoire-de-la-villa\\\/troisieme-siecle-apres-j-c\\\/le-tresor-de-la-villa\\\/#primaryimage\"},\"thumbnailUrl\":\"https:\\\/\\\/archeolab.app\\\/villa\\\/wp-content\\\/uploads\\\/sites\\\/2\\\/2017\\\/08\\\/fig338_provisoiremod-679x1024.jpg\",\"datePublished\":\"2017-08-23T07:05:21+00:00\",\"dateModified\":\"2020-03-26T09:01:14+00:00\",\"breadcrumb\":{\"@id\":\"https:\\\/\\\/archeolab.app\\\/villa\\\/lhistoire-de-la-villa\\\/troisieme-siecle-apres-j-c\\\/le-tresor-de-la-villa\\\/#breadcrumb\"},\"inLanguage\":\"fr-FR\",\"potentialAction\":[{\"@type\":\"ReadAction\",\"target\":[\"https:\\\/\\\/archeolab.app\\\/villa\\\/lhistoire-de-la-villa\\\/troisieme-siecle-apres-j-c\\\/le-tresor-de-la-villa\\\/\"]}]},{\"@type\":\"ImageObject\",\"inLanguage\":\"fr-FR\",\"@id\":\"https:\\\/\\\/archeolab.app\\\/villa\\\/lhistoire-de-la-villa\\\/troisieme-siecle-apres-j-c\\\/le-tresor-de-la-villa\\\/#primaryimage\",\"url\":\"https:\\\/\\\/archeolab.app\\\/villa\\\/wp-content\\\/uploads\\\/sites\\\/2\\\/2017\\\/08\\\/fig338_provisoiremod.jpg\",\"contentUrl\":\"https:\\\/\\\/archeolab.app\\\/villa\\\/wp-content\\\/uploads\\\/sites\\\/2\\\/2017\\\/08\\\/fig338_provisoiremod.jpg\",\"width\":712,\"height\":1073,\"caption\":\"L'histoire des d\u00e9couvertes\"},{\"@type\":\"BreadcrumbList\",\"@id\":\"https:\\\/\\\/archeolab.app\\\/villa\\\/lhistoire-de-la-villa\\\/troisieme-siecle-apres-j-c\\\/le-tresor-de-la-villa\\\/#breadcrumb\",\"itemListElement\":[{\"@type\":\"ListItem\",\"position\":1,\"name\":\"Accueil\",\"item\":\"https:\\\/\\\/archeolab.app\\\/villa\\\/\"},{\"@type\":\"ListItem\",\"position\":2,\"name\":\"L\u2019histoire de la villa\",\"item\":\"https:\\\/\\\/archeolab.app\\\/villa\\\/lhistoire-de-la-villa\\\/\"},{\"@type\":\"ListItem\",\"position\":3,\"name\":\"Le troisi\u00e8me si\u00e8cle apr\u00e8s J.-C.\",\"item\":\"https:\\\/\\\/archeolab.app\\\/villa\\\/lhistoire-de-la-villa\\\/troisieme-siecle-apres-j-c\\\/\"},{\"@type\":\"ListItem\",\"position\":4,\"name\":\"Le tr\u00e9sor de la villa\"}]},{\"@type\":\"WebSite\",\"@id\":\"https:\\\/\\\/archeolab.app\\\/villa\\\/#website\",\"url\":\"https:\\\/\\\/archeolab.app\\\/villa\\\/\",\"name\":\"La villa romaine du Prieur\u00e9\",\"description\":\"Une visite virtuelle de la villa romaine de Pully\",\"publisher\":{\"@id\":\"https:\\\/\\\/archeolab.app\\\/villa\\\/#organization\"},\"potentialAction\":[{\"@type\":\"SearchAction\",\"target\":{\"@type\":\"EntryPoint\",\"urlTemplate\":\"https:\\\/\\\/archeolab.app\\\/villa\\\/?s={search_term_string}\"},\"query-input\":{\"@type\":\"PropertyValueSpecification\",\"valueRequired\":true,\"valueName\":\"search_term_string\"}}],\"inLanguage\":\"fr-FR\"},{\"@type\":\"Organization\",\"@id\":\"https:\\\/\\\/archeolab.app\\\/villa\\\/#organization\",\"name\":\"Arch\u00e9olab\",\"url\":\"https:\\\/\\\/archeolab.app\\\/villa\\\/\",\"logo\":{\"@type\":\"ImageObject\",\"inLanguage\":\"fr-FR\",\"@id\":\"https:\\\/\\\/archeolab.app\\\/villa\\\/#\\\/schema\\\/logo\\\/image\\\/\",\"url\":\"https:\\\/\\\/archeolab.app\\\/villa\\\/wp-content\\\/uploads\\\/sites\\\/2\\\/2020\\\/03\\\/LOGO_AL.app_small-02.png\",\"contentUrl\":\"https:\\\/\\\/archeolab.app\\\/villa\\\/wp-content\\\/uploads\\\/sites\\\/2\\\/2020\\\/03\\\/LOGO_AL.app_small-02.png\",\"width\":527,\"height\":523,\"caption\":\"Arch\u00e9olab\"},\"image\":{\"@id\":\"https:\\\/\\\/archeolab.app\\\/villa\\\/#\\\/schema\\\/logo\\\/image\\\/\"}}]}<\/script>\n<!-- \/ Yoast SEO plugin. -->","yoast_head_json":{"title":"Le tr\u00e9sor de la villa &#8226; La villa romaine du Prieur\u00e9","robots":{"index":"index","follow":"follow","max-snippet":"max-snippet:-1","max-image-preview":"max-image-preview:large","max-video-preview":"max-video-preview:-1"},"canonical":"https:\/\/archeolab.app\/villa\/lhistoire-de-la-villa\/troisieme-siecle-apres-j-c\/le-tresor-de-la-villa\/","og_locale":"fr_FR","og_type":"article","og_title":"Le tr\u00e9sor de la villa &#8226; La villa romaine du Prieur\u00e9","og_description":"\u00c0 l\u2019int\u00e9rieur de l&rsquo;un des b\u00e2timents ravag\u00e9s par un incendie, la \u00ab\u00a0tour\u00a0\u00bb m\u00e9ridionale (C8), un tr\u00e9sor mon\u00e9taire a \u00e9t\u00e9 d\u00e9couvert. Ce riche tr\u00e9sor comportait plus de 45 monnaies, d\u00e9pos\u00e9es dans &hellip; Continuer la lecture de Le tr\u00e9sor de la villa","og_url":"https:\/\/archeolab.app\/villa\/lhistoire-de-la-villa\/troisieme-siecle-apres-j-c\/le-tresor-de-la-villa\/","og_site_name":"La villa romaine du Prieur\u00e9","article_modified_time":"2020-03-26T09:01:14+00:00","og_image":[{"url":"https:\/\/archeolab.app\/villa\/wp-content\/uploads\/sites\/2\/2017\/08\/fig338_provisoiremod-679x1024.jpg","type":"","width":"","height":""}],"twitter_card":"summary_large_image","twitter_misc":{"Dur\u00e9e de lecture estim\u00e9e":"2 minutes"},"schema":{"@context":"https:\/\/schema.org","@graph":[{"@type":"WebPage","@id":"https:\/\/archeolab.app\/villa\/lhistoire-de-la-villa\/troisieme-siecle-apres-j-c\/le-tresor-de-la-villa\/","url":"https:\/\/archeolab.app\/villa\/lhistoire-de-la-villa\/troisieme-siecle-apres-j-c\/le-tresor-de-la-villa\/","name":"Le tr\u00e9sor de la villa &#8226; La villa romaine du Prieur\u00e9","isPartOf":{"@id":"https:\/\/archeolab.app\/villa\/#website"},"primaryImageOfPage":{"@id":"https:\/\/archeolab.app\/villa\/lhistoire-de-la-villa\/troisieme-siecle-apres-j-c\/le-tresor-de-la-villa\/#primaryimage"},"image":{"@id":"https:\/\/archeolab.app\/villa\/lhistoire-de-la-villa\/troisieme-siecle-apres-j-c\/le-tresor-de-la-villa\/#primaryimage"},"thumbnailUrl":"https:\/\/archeolab.app\/villa\/wp-content\/uploads\/sites\/2\/2017\/08\/fig338_provisoiremod-679x1024.jpg","datePublished":"2017-08-23T07:05:21+00:00","dateModified":"2020-03-26T09:01:14+00:00","breadcrumb":{"@id":"https:\/\/archeolab.app\/villa\/lhistoire-de-la-villa\/troisieme-siecle-apres-j-c\/le-tresor-de-la-villa\/#breadcrumb"},"inLanguage":"fr-FR","potentialAction":[{"@type":"ReadAction","target":["https:\/\/archeolab.app\/villa\/lhistoire-de-la-villa\/troisieme-siecle-apres-j-c\/le-tresor-de-la-villa\/"]}]},{"@type":"ImageObject","inLanguage":"fr-FR","@id":"https:\/\/archeolab.app\/villa\/lhistoire-de-la-villa\/troisieme-siecle-apres-j-c\/le-tresor-de-la-villa\/#primaryimage","url":"https:\/\/archeolab.app\/villa\/wp-content\/uploads\/sites\/2\/2017\/08\/fig338_provisoiremod.jpg","contentUrl":"https:\/\/archeolab.app\/villa\/wp-content\/uploads\/sites\/2\/2017\/08\/fig338_provisoiremod.jpg","width":712,"height":1073,"caption":"L'histoire des d\u00e9couvertes"},{"@type":"BreadcrumbList","@id":"https:\/\/archeolab.app\/villa\/lhistoire-de-la-villa\/troisieme-siecle-apres-j-c\/le-tresor-de-la-villa\/#breadcrumb","itemListElement":[{"@type":"ListItem","position":1,"name":"Accueil","item":"https:\/\/archeolab.app\/villa\/"},{"@type":"ListItem","position":2,"name":"L\u2019histoire de la villa","item":"https:\/\/archeolab.app\/villa\/lhistoire-de-la-villa\/"},{"@type":"ListItem","position":3,"name":"Le troisi\u00e8me si\u00e8cle apr\u00e8s J.-C.","item":"https:\/\/archeolab.app\/villa\/lhistoire-de-la-villa\/troisieme-siecle-apres-j-c\/"},{"@type":"ListItem","position":4,"name":"Le tr\u00e9sor de la villa"}]},{"@type":"WebSite","@id":"https:\/\/archeolab.app\/villa\/#website","url":"https:\/\/archeolab.app\/villa\/","name":"La villa romaine du Prieur\u00e9","description":"Une visite virtuelle de la villa romaine de Pully","publisher":{"@id":"https:\/\/archeolab.app\/villa\/#organization"},"potentialAction":[{"@type":"SearchAction","target":{"@type":"EntryPoint","urlTemplate":"https:\/\/archeolab.app\/villa\/?s={search_term_string}"},"query-input":{"@type":"PropertyValueSpecification","valueRequired":true,"valueName":"search_term_string"}}],"inLanguage":"fr-FR"},{"@type":"Organization","@id":"https:\/\/archeolab.app\/villa\/#organization","name":"Arch\u00e9olab","url":"https:\/\/archeolab.app\/villa\/","logo":{"@type":"ImageObject","inLanguage":"fr-FR","@id":"https:\/\/archeolab.app\/villa\/#\/schema\/logo\/image\/","url":"https:\/\/archeolab.app\/villa\/wp-content\/uploads\/sites\/2\/2020\/03\/LOGO_AL.app_small-02.png","contentUrl":"https:\/\/archeolab.app\/villa\/wp-content\/uploads\/sites\/2\/2020\/03\/LOGO_AL.app_small-02.png","width":527,"height":523,"caption":"Arch\u00e9olab"},"image":{"@id":"https:\/\/archeolab.app\/villa\/#\/schema\/logo\/image\/"}}]}},"_links":{"self":[{"href":"https:\/\/archeolab.app\/villa\/wp-json\/wp\/v2\/pages\/151","targetHints":{"allow":["GET"]}}],"collection":[{"href":"https:\/\/archeolab.app\/villa\/wp-json\/wp\/v2\/pages"}],"about":[{"href":"https:\/\/archeolab.app\/villa\/wp-json\/wp\/v2\/types\/page"}],"author":[{"embeddable":true,"href":"https:\/\/archeolab.app\/villa\/wp-json\/wp\/v2\/users\/1"}],"replies":[{"embeddable":true,"href":"https:\/\/archeolab.app\/villa\/wp-json\/wp\/v2\/comments?post=151"}],"version-history":[{"count":1,"href":"https:\/\/archeolab.app\/villa\/wp-json\/wp\/v2\/pages\/151\/revisions"}],"predecessor-version":[{"id":2239,"href":"https:\/\/archeolab.app\/villa\/wp-json\/wp\/v2\/pages\/151\/revisions\/2239"}],"up":[{"embeddable":true,"href":"https:\/\/archeolab.app\/villa\/wp-json\/wp\/v2\/pages\/150"}],"wp:attachment":[{"href":"https:\/\/archeolab.app\/villa\/wp-json\/wp\/v2\/media?parent=151"}],"curies":[{"name":"wp","href":"https:\/\/api.w.org\/{rel}","templated":true}]}}