{"id":143,"date":"2017-08-23T09:05:21","date_gmt":"2017-08-23T07:05:21","guid":{"rendered":"http:\/\/www.archeoweb.ch\/villa\/lhistoire-de-la-villa\/epoque-romaine\/1er-siecle-ap-j-c\/les-grandes-villae-de-nos-regions\/"},"modified":"2020-03-30T14:49:42","modified_gmt":"2020-03-30T12:49:42","slug":"les-grandes-villae-de-nos-regions","status":"publish","type":"page","link":"https:\/\/archeolab.app\/villa\/le-contexte\/les-grandes-villae-de-nos-regions\/","title":{"rendered":"Les grandes villae de nos r\u00e9gions"},"content":{"rendered":"<p style=\"text-align: justify;\">Le Plateau Suisse est une r\u00e9gion favorable \u00e0 l\u2019implantation d\u2019une grande <em>villa<\/em> romaine. Nos anc\u00eatres l\u2019avaient bien compris, puisque les arch\u00e9ologues ont d\u00e9couvert de nombreuses <em>villae<\/em> rurales dans nos r\u00e9gions.<\/p>\n<p style=\"text-align: justify;\">Les plus c\u00e9l\u00e8bres sont celles de Vallon et d\u2019Orbe-Bosc\u00e9az dont nous pouvons encore admirer les magnifiques mosa\u00efques. Plus au Nord, autour du lac de Neuch\u00e2tel, on a retrouv\u00e9 des vestiges de deux autres importantes <em>villae<\/em>, celle d\u2019Yvonand-Mordagne et de Colombier. Plusieurs <em>villae<\/em> ont aussi \u00e9t\u00e9 construites autour du lac L\u00e9man, comme celles de Montreux-Baugy, Commugny ou du Parc La Grange \u00e0 Gen\u00e8ve. En plus des exemples cit\u00e9s, de nombreux autres \u00e9tablissements, de tailles vari\u00e9es, sont connus ou restent \u00e0 d\u00e9couvrir.<\/p>\n<figure id=\"attachment_1119\" aria-describedby=\"caption-attachment-1119\" style=\"width: 640px\" class=\"wp-caption aligncenter\"><img loading=\"lazy\" decoding=\"async\" class=\"wp-image-1119 size-full\" src=\"https:\/\/archeolab.app\/villa\/wp-content\/uploads\/sites\/2\/2017\/08\/topelement.jpg\" alt=\"\" width=\"640\" height=\"426\" srcset=\"https:\/\/archeolab.app\/villa\/wp-content\/uploads\/sites\/2\/2017\/08\/topelement.jpg 640w, https:\/\/archeolab.app\/villa\/wp-content\/uploads\/sites\/2\/2017\/08\/topelement-300x200.jpg 300w\" sizes=\"auto, (max-width: 640px) 100vw, 640px\" \/><figcaption id=\"caption-attachment-1119\" class=\"wp-caption-text\">Maquette de la <em>pars urbana<\/em> de la <em>villa<\/em> d&rsquo;Orbe-Bosc\u00e9az. Maquette J. Gorgerat, Chavornay et A. Poroli, Echallens. Image: Fibbi-Aeppli. https:\/\/www.tdg.ch\/societe\/histoire\/villa-orbe-hebergeait-lelite-lhelvetie-romaine\/story\/30757162<\/figcaption><\/figure>\n<p>\u21d2 <a href=\"https:\/\/archeolab.app\/villa\/le-contexte\/les-routes-romaines\/\">Les routes romaines<\/a><\/p>\n","protected":false},"excerpt":{"rendered":"<p>Le Plateau Suisse est une r\u00e9gion favorable \u00e0 l\u2019implantation d\u2019une grande villa romaine. Nos anc\u00eatres l\u2019avaient bien compris, puisque les arch\u00e9ologues ont d\u00e9couvert de nombreuses villae rurales dans nos r\u00e9gions. &hellip; <a href=\"https:\/\/archeolab.app\/villa\/le-contexte\/les-grandes-villae-de-nos-regions\/\" class=\"more-link\">Continuer la lecture de <span class=\"screen-reader-text\">Les grandes villae de nos r\u00e9gions<\/span><\/a><\/p>\n","protected":false},"author":1,"featured_media":0,"parent":2192,"menu_order":3,"comment_status":"closed","ping_status":"closed","template":"","meta":{"_acf_changed":false,"footnotes":""},"class_list":["post-143","page","type-page","status-publish","hentry"],"acf":[],"yoast_head":"<!-- This site is optimized with the Yoast SEO plugin v27.5 - https:\/\/yoast.com\/product\/yoast-seo-wordpress\/ -->\n<title>Les grandes villae de nos r\u00e9gions &#8226; La villa romaine du Prieur\u00e9<\/title>\n<meta name=\"robots\" content=\"index, follow, max-snippet:-1, max-image-preview:large, max-video-preview:-1\" \/>\n<link rel=\"canonical\" href=\"https:\/\/archeolab.app\/villa\/le-contexte\/les-grandes-villae-de-nos-regions\/\" \/>\n<meta property=\"og:locale\" content=\"fr_FR\" \/>\n<meta property=\"og:type\" content=\"article\" \/>\n<meta property=\"og:title\" content=\"Les grandes villae de nos r\u00e9gions &#8226; La villa romaine du Prieur\u00e9\" \/>\n<meta property=\"og:description\" content=\"Le Plateau Suisse est une r\u00e9gion favorable \u00e0 l\u2019implantation d\u2019une grande villa romaine. Nos anc\u00eatres l\u2019avaient bien compris, puisque les arch\u00e9ologues ont d\u00e9couvert de nombreuses villae rurales dans nos r\u00e9gions. &hellip; Continuer la lecture de Les grandes villae de nos r\u00e9gions\" \/>\n<meta property=\"og:url\" content=\"https:\/\/archeolab.app\/villa\/le-contexte\/les-grandes-villae-de-nos-regions\/\" \/>\n<meta property=\"og:site_name\" content=\"La villa romaine du Prieur\u00e9\" \/>\n<meta property=\"article:modified_time\" content=\"2020-03-30T12:49:42+00:00\" \/>\n<meta property=\"og:image\" content=\"https:\/\/archeolab.app\/villa\/wp-content\/uploads\/sites\/2\/2017\/08\/topelement.jpg\" \/>\n<meta name=\"twitter:card\" content=\"summary_large_image\" \/>\n<meta name=\"twitter:label1\" content=\"Dur\u00e9e de lecture estim\u00e9e\" \/>\n\t<meta name=\"twitter:data1\" content=\"1 minute\" \/>\n<script type=\"application\/ld+json\" class=\"yoast-schema-graph\">{\"@context\":\"https:\\\/\\\/schema.org\",\"@graph\":[{\"@type\":\"WebPage\",\"@id\":\"https:\\\/\\\/archeolab.app\\\/villa\\\/le-contexte\\\/les-grandes-villae-de-nos-regions\\\/\",\"url\":\"https:\\\/\\\/archeolab.app\\\/villa\\\/le-contexte\\\/les-grandes-villae-de-nos-regions\\\/\",\"name\":\"Les grandes villae de nos r\u00e9gions &#8226; La villa romaine du Prieur\u00e9\",\"isPartOf\":{\"@id\":\"https:\\\/\\\/archeolab.app\\\/villa\\\/#website\"},\"primaryImageOfPage\":{\"@id\":\"https:\\\/\\\/archeolab.app\\\/villa\\\/le-contexte\\\/les-grandes-villae-de-nos-regions\\\/#primaryimage\"},\"image\":{\"@id\":\"https:\\\/\\\/archeolab.app\\\/villa\\\/le-contexte\\\/les-grandes-villae-de-nos-regions\\\/#primaryimage\"},\"thumbnailUrl\":\"https:\\\/\\\/archeolab.app\\\/villa\\\/wp-content\\\/uploads\\\/sites\\\/2\\\/2017\\\/08\\\/topelement.jpg\",\"datePublished\":\"2017-08-23T07:05:21+00:00\",\"dateModified\":\"2020-03-30T12:49:42+00:00\",\"breadcrumb\":{\"@id\":\"https:\\\/\\\/archeolab.app\\\/villa\\\/le-contexte\\\/les-grandes-villae-de-nos-regions\\\/#breadcrumb\"},\"inLanguage\":\"fr-FR\",\"potentialAction\":[{\"@type\":\"ReadAction\",\"target\":[\"https:\\\/\\\/archeolab.app\\\/villa\\\/le-contexte\\\/les-grandes-villae-de-nos-regions\\\/\"]}]},{\"@type\":\"ImageObject\",\"inLanguage\":\"fr-FR\",\"@id\":\"https:\\\/\\\/archeolab.app\\\/villa\\\/le-contexte\\\/les-grandes-villae-de-nos-regions\\\/#primaryimage\",\"url\":\"https:\\\/\\\/archeolab.app\\\/villa\\\/wp-content\\\/uploads\\\/sites\\\/2\\\/2017\\\/08\\\/topelement.jpg\",\"contentUrl\":\"https:\\\/\\\/archeolab.app\\\/villa\\\/wp-content\\\/uploads\\\/sites\\\/2\\\/2017\\\/08\\\/topelement.jpg\",\"width\":640,\"height\":426},{\"@type\":\"BreadcrumbList\",\"@id\":\"https:\\\/\\\/archeolab.app\\\/villa\\\/le-contexte\\\/les-grandes-villae-de-nos-regions\\\/#breadcrumb\",\"itemListElement\":[{\"@type\":\"ListItem\",\"position\":1,\"name\":\"Accueil\",\"item\":\"https:\\\/\\\/archeolab.app\\\/villa\\\/\"},{\"@type\":\"ListItem\",\"position\":2,\"name\":\"Le contexte r\u00e9gional\",\"item\":\"https:\\\/\\\/archeolab.app\\\/villa\\\/le-contexte\\\/\"},{\"@type\":\"ListItem\",\"position\":3,\"name\":\"Les grandes villae de nos r\u00e9gions\"}]},{\"@type\":\"WebSite\",\"@id\":\"https:\\\/\\\/archeolab.app\\\/villa\\\/#website\",\"url\":\"https:\\\/\\\/archeolab.app\\\/villa\\\/\",\"name\":\"La villa romaine du Prieur\u00e9\",\"description\":\"Une visite virtuelle de la villa romaine de Pully\",\"publisher\":{\"@id\":\"https:\\\/\\\/archeolab.app\\\/villa\\\/#organization\"},\"potentialAction\":[{\"@type\":\"SearchAction\",\"target\":{\"@type\":\"EntryPoint\",\"urlTemplate\":\"https:\\\/\\\/archeolab.app\\\/villa\\\/?s={search_term_string}\"},\"query-input\":{\"@type\":\"PropertyValueSpecification\",\"valueRequired\":true,\"valueName\":\"search_term_string\"}}],\"inLanguage\":\"fr-FR\"},{\"@type\":\"Organization\",\"@id\":\"https:\\\/\\\/archeolab.app\\\/villa\\\/#organization\",\"name\":\"Arch\u00e9olab\",\"url\":\"https:\\\/\\\/archeolab.app\\\/villa\\\/\",\"logo\":{\"@type\":\"ImageObject\",\"inLanguage\":\"fr-FR\",\"@id\":\"https:\\\/\\\/archeolab.app\\\/villa\\\/#\\\/schema\\\/logo\\\/image\\\/\",\"url\":\"https:\\\/\\\/archeolab.app\\\/villa\\\/wp-content\\\/uploads\\\/sites\\\/2\\\/2020\\\/03\\\/LOGO_AL.app_small-02.png\",\"contentUrl\":\"https:\\\/\\\/archeolab.app\\\/villa\\\/wp-content\\\/uploads\\\/sites\\\/2\\\/2020\\\/03\\\/LOGO_AL.app_small-02.png\",\"width\":527,\"height\":523,\"caption\":\"Arch\u00e9olab\"},\"image\":{\"@id\":\"https:\\\/\\\/archeolab.app\\\/villa\\\/#\\\/schema\\\/logo\\\/image\\\/\"}}]}<\/script>\n<!-- \/ Yoast SEO plugin. -->","yoast_head_json":{"title":"Les grandes villae de nos r\u00e9gions &#8226; La villa romaine du Prieur\u00e9","robots":{"index":"index","follow":"follow","max-snippet":"max-snippet:-1","max-image-preview":"max-image-preview:large","max-video-preview":"max-video-preview:-1"},"canonical":"https:\/\/archeolab.app\/villa\/le-contexte\/les-grandes-villae-de-nos-regions\/","og_locale":"fr_FR","og_type":"article","og_title":"Les grandes villae de nos r\u00e9gions &#8226; La villa romaine du Prieur\u00e9","og_description":"Le Plateau Suisse est une r\u00e9gion favorable \u00e0 l\u2019implantation d\u2019une grande villa romaine. Nos anc\u00eatres l\u2019avaient bien compris, puisque les arch\u00e9ologues ont d\u00e9couvert de nombreuses villae rurales dans nos r\u00e9gions. &hellip; Continuer la lecture de Les grandes villae de nos r\u00e9gions","og_url":"https:\/\/archeolab.app\/villa\/le-contexte\/les-grandes-villae-de-nos-regions\/","og_site_name":"La villa romaine du Prieur\u00e9","article_modified_time":"2020-03-30T12:49:42+00:00","og_image":[{"url":"https:\/\/archeolab.app\/villa\/wp-content\/uploads\/sites\/2\/2017\/08\/topelement.jpg","type":"","width":"","height":""}],"twitter_card":"summary_large_image","twitter_misc":{"Dur\u00e9e de lecture estim\u00e9e":"1 minute"},"schema":{"@context":"https:\/\/schema.org","@graph":[{"@type":"WebPage","@id":"https:\/\/archeolab.app\/villa\/le-contexte\/les-grandes-villae-de-nos-regions\/","url":"https:\/\/archeolab.app\/villa\/le-contexte\/les-grandes-villae-de-nos-regions\/","name":"Les grandes villae de nos r\u00e9gions &#8226; La villa romaine du Prieur\u00e9","isPartOf":{"@id":"https:\/\/archeolab.app\/villa\/#website"},"primaryImageOfPage":{"@id":"https:\/\/archeolab.app\/villa\/le-contexte\/les-grandes-villae-de-nos-regions\/#primaryimage"},"image":{"@id":"https:\/\/archeolab.app\/villa\/le-contexte\/les-grandes-villae-de-nos-regions\/#primaryimage"},"thumbnailUrl":"https:\/\/archeolab.app\/villa\/wp-content\/uploads\/sites\/2\/2017\/08\/topelement.jpg","datePublished":"2017-08-23T07:05:21+00:00","dateModified":"2020-03-30T12:49:42+00:00","breadcrumb":{"@id":"https:\/\/archeolab.app\/villa\/le-contexte\/les-grandes-villae-de-nos-regions\/#breadcrumb"},"inLanguage":"fr-FR","potentialAction":[{"@type":"ReadAction","target":["https:\/\/archeolab.app\/villa\/le-contexte\/les-grandes-villae-de-nos-regions\/"]}]},{"@type":"ImageObject","inLanguage":"fr-FR","@id":"https:\/\/archeolab.app\/villa\/le-contexte\/les-grandes-villae-de-nos-regions\/#primaryimage","url":"https:\/\/archeolab.app\/villa\/wp-content\/uploads\/sites\/2\/2017\/08\/topelement.jpg","contentUrl":"https:\/\/archeolab.app\/villa\/wp-content\/uploads\/sites\/2\/2017\/08\/topelement.jpg","width":640,"height":426},{"@type":"BreadcrumbList","@id":"https:\/\/archeolab.app\/villa\/le-contexte\/les-grandes-villae-de-nos-regions\/#breadcrumb","itemListElement":[{"@type":"ListItem","position":1,"name":"Accueil","item":"https:\/\/archeolab.app\/villa\/"},{"@type":"ListItem","position":2,"name":"Le contexte r\u00e9gional","item":"https:\/\/archeolab.app\/villa\/le-contexte\/"},{"@type":"ListItem","position":3,"name":"Les grandes villae de nos r\u00e9gions"}]},{"@type":"WebSite","@id":"https:\/\/archeolab.app\/villa\/#website","url":"https:\/\/archeolab.app\/villa\/","name":"La villa romaine du Prieur\u00e9","description":"Une visite virtuelle de la villa romaine de Pully","publisher":{"@id":"https:\/\/archeolab.app\/villa\/#organization"},"potentialAction":[{"@type":"SearchAction","target":{"@type":"EntryPoint","urlTemplate":"https:\/\/archeolab.app\/villa\/?s={search_term_string}"},"query-input":{"@type":"PropertyValueSpecification","valueRequired":true,"valueName":"search_term_string"}}],"inLanguage":"fr-FR"},{"@type":"Organization","@id":"https:\/\/archeolab.app\/villa\/#organization","name":"Arch\u00e9olab","url":"https:\/\/archeolab.app\/villa\/","logo":{"@type":"ImageObject","inLanguage":"fr-FR","@id":"https:\/\/archeolab.app\/villa\/#\/schema\/logo\/image\/","url":"https:\/\/archeolab.app\/villa\/wp-content\/uploads\/sites\/2\/2020\/03\/LOGO_AL.app_small-02.png","contentUrl":"https:\/\/archeolab.app\/villa\/wp-content\/uploads\/sites\/2\/2020\/03\/LOGO_AL.app_small-02.png","width":527,"height":523,"caption":"Arch\u00e9olab"},"image":{"@id":"https:\/\/archeolab.app\/villa\/#\/schema\/logo\/image\/"}}]}},"_links":{"self":[{"href":"https:\/\/archeolab.app\/villa\/wp-json\/wp\/v2\/pages\/143","targetHints":{"allow":["GET"]}}],"collection":[{"href":"https:\/\/archeolab.app\/villa\/wp-json\/wp\/v2\/pages"}],"about":[{"href":"https:\/\/archeolab.app\/villa\/wp-json\/wp\/v2\/types\/page"}],"author":[{"embeddable":true,"href":"https:\/\/archeolab.app\/villa\/wp-json\/wp\/v2\/users\/1"}],"replies":[{"embeddable":true,"href":"https:\/\/archeolab.app\/villa\/wp-json\/wp\/v2\/comments?post=143"}],"version-history":[{"count":5,"href":"https:\/\/archeolab.app\/villa\/wp-json\/wp\/v2\/pages\/143\/revisions"}],"predecessor-version":[{"id":2371,"href":"https:\/\/archeolab.app\/villa\/wp-json\/wp\/v2\/pages\/143\/revisions\/2371"}],"up":[{"embeddable":true,"href":"https:\/\/archeolab.app\/villa\/wp-json\/wp\/v2\/pages\/2192"}],"wp:attachment":[{"href":"https:\/\/archeolab.app\/villa\/wp-json\/wp\/v2\/media?parent=143"}],"curies":[{"name":"wp","href":"https:\/\/api.w.org\/{rel}","templated":true}]}}