{"id":246,"date":"2020-05-06T12:04:37","date_gmt":"2020-05-06T10:04:37","guid":{"rendered":"https:\/\/archeolab.app\/histoires\/?page_id=246"},"modified":"2023-12-07T12:30:53","modified_gmt":"2023-12-07T11:30:53","slug":"julien-a-perret","status":"publish","type":"page","link":"https:\/\/archeolab.app\/histoires\/julien-a-perret\/","title":{"rendered":"Julien A. Perret"},"content":{"rendered":"\n<h2 class=\"wp-block-heading\">Syndic de Pully entre 1978 et 1988<\/h2>\n\n\n\n\n\n<p><\/p>\n\n\n<p><iframe loading=\"lazy\" src=\"https:\/\/cdn.knightlab.com\/libs\/timeline3\/latest\/embed\/index.html?source=1X2UtUEKswAvBfJMfCx2NYE3f_H0ITFGsjFiWav8BheI&amp;font=Default&amp;lang=fr&amp;timenav_position=top&amp;hash_bookmark=true&amp;initial_zoom=5&amp;start_at_slide=2&amp;height=230#event-julien-a-perret-syndic\" allowfullscreen=\"allowfullscreen\" width=\"100%\" height=\"230\" frameborder=\"0\"><\/iframe><\/p>\n\n\n<figure class=\"wp-block-audio\"><audio controls src=\"https:\/\/archeolab.app\/histoires\/wp-content\/uploads\/sites\/4\/2023\/05\/10.Perret_lecture.mp3\"><\/audio><figcaption class=\"wp-element-caption\">Lecture \u00e0 voix haute<\/figcaption><\/figure>\n\n\n\n<div class=\"wp-block-group\"><div class=\"wp-block-group__inner-container is-layout-flow wp-block-group-is-layout-flow\">\n<p style=\"padding-left: 40px;\"><em>\u00ab\u00a0Sans culture, sans effort culturel individuel et collectif, on ne touche qu\u2019\u00e0 certains aspects de la civilisation, d\u2019o\u00f9 une qualit\u00e9 de vie satisfaisante en partie seulement. [\u2026]<br \/><\/em><em>Pourquoi Pully n\u2019aurait-elle pas une vocation culturelle, une vie culturelle \u00e0 laquelle la grande majorit\u00e9 de ses habitants participeraient ?\u00a0\u00bb<\/em><\/p>\n<p style=\"padding-left: 40px;\">Discours de mars 1987 intitul\u00e9 \u00ab\u00a0Pully-Culture\u00a0\u00bb<\/p>\n<p align=\"justify\">N\u00e9 en 1913, Julien A. Perret, bourgeois de Montreux actif dans les assurances, s\u2019\u00e9tablit en 1954 \u00e0 Pully, o\u00f9 il occupera de nombreuses fonctions politiques. Il si\u00e8ge au Conseil Communal d\u00e8s 1966, le pr\u00e9side d\u00e8s 1969, puis entre \u00e0 la Municipalit\u00e9 en 1974, sous la syndicature de Louis Thaler. En 1978, il succ\u00e8de \u00e0 ce dernier\u00a0; il remplira deux mandats, jusqu\u2019en 1988. Membre du Parti lib\u00e9ral depuis 1941 et pr\u00e9sident de l\u2019Union Nationale D\u00e9mocratique en 1964, le Syndic Perret a pr\u00e9sid\u00e9 aux destin\u00e9es de Pully durant une d\u00e9cennie qui a vu le visage urbanistique et culturel de la ville se modifier nettement.<\/p>\n<figure id=\"attachment_514\" aria-describedby=\"caption-attachment-514\" style=\"width: 2071px\" class=\"wp-caption aligncenter\"><a href=\"https:\/\/archeolab.app\/histoires\/wp-content\/uploads\/sites\/4\/2020\/06\/Sante_Perret_light.jpg\" target=\"_blank\" rel=\"noopener noreferrer\"><img loading=\"lazy\" decoding=\"async\" class=\"wp-image-514 size-full\" src=\"https:\/\/archeolab.app\/histoires\/wp-content\/uploads\/sites\/4\/2020\/06\/Sante_Perret_light.jpg\" alt=\"Julien Perret r\u00e9ception\" width=\"2071\" height=\"1490\" srcset=\"https:\/\/archeolab.app\/histoires\/wp-content\/uploads\/sites\/4\/2020\/06\/Sante_Perret_light.jpg 2071w, https:\/\/archeolab.app\/histoires\/wp-content\/uploads\/sites\/4\/2020\/06\/Sante_Perret_light-300x216.jpg 300w, https:\/\/archeolab.app\/histoires\/wp-content\/uploads\/sites\/4\/2020\/06\/Sante_Perret_light-1024x737.jpg 1024w, https:\/\/archeolab.app\/histoires\/wp-content\/uploads\/sites\/4\/2020\/06\/Sante_Perret_light-768x553.jpg 768w, https:\/\/archeolab.app\/histoires\/wp-content\/uploads\/sites\/4\/2020\/06\/Sante_Perret_light-1536x1105.jpg 1536w, https:\/\/archeolab.app\/histoires\/wp-content\/uploads\/sites\/4\/2020\/06\/Sante_Perret_light-2048x1473.jpg 2048w\" sizes=\"auto, (max-width: 2071px) 100vw, 2071px\" \/><\/a><figcaption id=\"caption-attachment-514\" class=\"wp-caption-text\">Figure 10.1 : Julien A. Perret, syndic de Pully, lors de la r\u00e9ception annuelle pour les citoyens de 20 ans en d\u00e9cembre 1986.<\/figcaption><\/figure>\n<p align=\"justify\">C\u2019est en effet durant ces ann\u00e9es-l\u00e0 que plusieurs gros chantiers sont lanc\u00e9s ou termin\u00e9s. Le secteur de la gare change compl\u00e8tement : on y construit le parking de Pully Centre, l\u2019EMS Pr\u00e9 de la Tour et la passerelle Verdaine. On fleurit davantage les alentours du Prieur\u00e9, alors qu\u2019il n\u2019\u00e9tait auparavant qu\u2019une \u00ab\u00a0bien s\u00e9v\u00e8re b\u00e2tisse qui nous vient de temps tr\u00e8s recul\u00e9s\u00a0\u00bb selon Julien A. Perret, on canalise la Paud\u00e8ze et on inaugure le coll\u00e8ge Arnold-Reymond ainsi que la biblioth\u00e8que, en 1980. Le 29 avril 1983, Perret affirme lors d\u2019un discours que \u00ab\u00a0pour bien marquer notre pr\u00e9occupation de faire des b\u00e2timents qui nous accueillent aujourd\u2019hui une sorte de symbole de la vie culturelle et artistique de Pully, nous les avons d\u00e9di\u00e9es \u00e0 la m\u00e9moire d\u2019un grand philosophe vaudois, Arnold Reymond.\u00a0\u00bb. Le syndic met d\u2019ailleurs en avant l\u2019importance de l\u2019aula de ce coll\u00e8ge, destin\u00e9e \u00e0 renforcer les possibilit\u00e9s d\u2019activit\u00e9 culturelle en accueillant de nombreuses manifestations. Il craignait en effet que Pully ne devienne une cit\u00e9-dortoir et esp\u00e9rait qu\u2019une qualit\u00e9 de vie am\u00e9lior\u00e9e et \u00ab\u00a0une certaine grandeur\u00a0\u00bb puissent \u00eatre offertes aux habitants. C\u2019est \u00e9galement sous sa syndicature qu&rsquo;est inaugur\u00e9 le th\u00e9\u00e2tre de l&rsquo;Octogone en 1979, puis qu&rsquo;on termine, en 1981, le b\u00e2timent abritant encore aujourd\u2019hui la villa romaine, ou encore que le projet d\u2019\u00e9cole de musique est lanc\u00e9.<\/p>\n<p><figure id=\"attachment_361\" aria-describedby=\"caption-attachment-361\" style=\"width: 992px\" class=\"wp-caption aligncenter\"><a href=\"https:\/\/archeolab.app\/histoires\/wp-content\/uploads\/sites\/4\/2020\/05\/Orthophoto1980.jpg\" target=\"_blank\" rel=\"noopener noreferrer\"><img loading=\"lazy\" decoding=\"async\" class=\"wp-image-361 size-full\" src=\"https:\/\/archeolab.app\/histoires\/wp-content\/uploads\/sites\/4\/2020\/05\/Orthophoto1980.jpg\" alt=\"Orthophoto 1980\" width=\"992\" height=\"616\" srcset=\"https:\/\/archeolab.app\/histoires\/wp-content\/uploads\/sites\/4\/2020\/05\/Orthophoto1980.jpg 992w, https:\/\/archeolab.app\/histoires\/wp-content\/uploads\/sites\/4\/2020\/05\/Orthophoto1980-300x186.jpg 300w, https:\/\/archeolab.app\/histoires\/wp-content\/uploads\/sites\/4\/2020\/05\/Orthophoto1980-768x477.jpg 768w\" sizes=\"auto, (max-width: 992px) 100vw, 992px\" \/><\/a><figcaption id=\"caption-attachment-361\" class=\"wp-caption-text\">Figure 10.2 : Vue a\u00e9rienne du quartier de la gare en 1980.<\/figcaption><\/figure><br \/>\n<figure id=\"attachment_252\" aria-describedby=\"caption-attachment-252\" style=\"width: 994px\" class=\"wp-caption aligncenter\"><a href=\"https:\/\/archeolab.app\/histoires\/wp-content\/uploads\/sites\/4\/2020\/05\/Orthophoto1992.png\" target=\"_blank\" rel=\"noopener noreferrer\"><img loading=\"lazy\" decoding=\"async\" class=\"wp-image-252 size-full\" src=\"https:\/\/archeolab.app\/histoires\/wp-content\/uploads\/sites\/4\/2020\/05\/Orthophoto1992.png\" alt=\"Orthophoto 1992\" width=\"994\" height=\"615\" srcset=\"https:\/\/archeolab.app\/histoires\/wp-content\/uploads\/sites\/4\/2020\/05\/Orthophoto1992.png 994w, https:\/\/archeolab.app\/histoires\/wp-content\/uploads\/sites\/4\/2020\/05\/Orthophoto1992-300x186.png 300w, https:\/\/archeolab.app\/histoires\/wp-content\/uploads\/sites\/4\/2020\/05\/Orthophoto1992-768x475.png 768w, https:\/\/archeolab.app\/histoires\/wp-content\/uploads\/sites\/4\/2020\/05\/Orthophoto1992-825x510.png 825w\" sizes=\"auto, (max-width: 994px) 100vw, 994px\" \/><\/a><figcaption id=\"caption-attachment-252\" class=\"wp-caption-text\">Figure 10.3 : Vue a\u00e9rienne du quartier de la gare en 1992.<\/figcaption><\/figure><\/p>\n<\/div><\/div>\n\n\n\n<div class=\"wp-block-group\"><div class=\"wp-block-group__inner-container is-layout-flow wp-block-group-is-layout-flow\">\n<p align=\"justify\">L\u2019agenda du Syndic \u00e9tait donc souvent rempli d\u2019inaugurations diverses, mais aussi de repas de soutien aux clubs de sport locaux et de c\u00e9r\u00e9monies d\u2019hommages aux nouveaux bourgeois ou aux nonag\u00e9naires et centenaires de la commune. Lui-m\u00eame a v\u00e9cu presque centenaire, puisqu\u2019il d\u00e9c\u00e8de en 2008, apr\u00e8s avoir vu Pully passer dans le XXI<sup>e<\/sup> si\u00e8cle.&nbsp;<\/p>\n<p align=\"justify\">Enfin, il faut encore mentionner qu\u2019en 1986, Pully est jumel\u00e9e au village d\u2019Obernai, sous l\u2019impulsion du syndic Perret. Cette petite ville d\u2019Alsace donne son nom \u00e0 une place pulli\u00e9rane. Obernai se trouve \u00e0 environ 25 km de Strasbourg et compte aujourd\u2019hui un peu plus de 11\u2019000 habitants. Comme \u00e0 Pully, on y a d\u00e9couvert une n\u00e9cropole de la p\u00e9riode n\u00e9olithique.<\/p>\n<p><figure id=\"attachment_249\" aria-describedby=\"caption-attachment-249\" style=\"width: 273px\" class=\"wp-caption aligncenter\"><a href=\"https:\/\/archeolab.app\/histoires\/wp-content\/uploads\/sites\/4\/2020\/05\/emble\u0300me-Obernai.png\" target=\"_blank\" rel=\"noopener noreferrer\"><img loading=\"lazy\" decoding=\"async\" class=\"wp-image-249 size-medium\" src=\"https:\/\/archeolab.app\/histoires\/wp-content\/uploads\/sites\/4\/2020\/05\/emble\u0300me-Obernai-273x300.png\" alt=\"Blason Obernai\" width=\"273\" height=\"300\" srcset=\"https:\/\/archeolab.app\/histoires\/wp-content\/uploads\/sites\/4\/2020\/05\/emble\u0300me-Obernai-273x300.png 273w, https:\/\/archeolab.app\/histoires\/wp-content\/uploads\/sites\/4\/2020\/05\/emble\u0300me-Obernai-768x845.png 768w, https:\/\/archeolab.app\/histoires\/wp-content\/uploads\/sites\/4\/2020\/05\/emble\u0300me-Obernai.png 800w\" sizes=\"auto, (max-width: 273px) 100vw, 273px\" \/><\/a><figcaption id=\"caption-attachment-249\" class=\"wp-caption-text\">Figure 10.4 : Blason de la ville d\u2019Obernai en France.<\/figcaption><\/figure><br \/>\n<figure id=\"attachment_250\" aria-describedby=\"caption-attachment-250\" style=\"width: 800px\" class=\"wp-caption aligncenter\"><a href=\"https:\/\/archeolab.app\/histoires\/wp-content\/uploads\/sites\/4\/2020\/05\/obernai-alsace-e1589358106212.jpg\" target=\"_blank\" rel=\"noopener noreferrer\"><img loading=\"lazy\" decoding=\"async\" class=\"wp-image-250 size-full\" src=\"https:\/\/archeolab.app\/histoires\/wp-content\/uploads\/sites\/4\/2020\/05\/obernai-alsace-e1589358106212.jpg\" alt=\"Obernai Alsace\" width=\"800\" height=\"578\" srcset=\"https:\/\/archeolab.app\/histoires\/wp-content\/uploads\/sites\/4\/2020\/05\/obernai-alsace-e1589358106212.jpg 800w, https:\/\/archeolab.app\/histoires\/wp-content\/uploads\/sites\/4\/2020\/05\/obernai-alsace-e1589358106212-300x217.jpg 300w, https:\/\/archeolab.app\/histoires\/wp-content\/uploads\/sites\/4\/2020\/05\/obernai-alsace-e1589358106212-768x555.jpg 768w\" sizes=\"auto, (max-width: 800px) 100vw, 800px\" \/><\/a><figcaption id=\"caption-attachment-250\" class=\"wp-caption-text\">Figure 10.5 : Le centre d&rsquo;Obernai, ville jumel\u00e9e \u00e0 Pully.<\/figcaption><\/figure><\/p>\n<p align=\"justify\">L\u2019h\u00e9ritage de Julien A. Perret est visible dans la fa\u00e7on dont la ville de Pully continue de se forger aujourd\u2019hui. Les nombreuses institutions culturelles qui habitent le territoire enrichissent le patrimoine local ainsi que la vie de ses habitants.<\/p>\n<\/div><\/div>\n","protected":false},"excerpt":{"rendered":"<p>Syndic de Pully entre 1978 et 1988 \u00ab\u00a0Sans culture, sans effort culturel individuel et collectif, on ne touche qu\u2019\u00e0 certains aspects de la civilisation, d\u2019o\u00f9 une qualit\u00e9 de vie satisfaisante &hellip; <a href=\"https:\/\/archeolab.app\/histoires\/julien-a-perret\/\" class=\"more-link\">Continuer la lecture de <span class=\"screen-reader-text\">Julien A. Perret<\/span><\/a><\/p>\n","protected":false},"author":2,"featured_media":0,"parent":0,"menu_order":100,"comment_status":"closed","ping_status":"closed","template":"","meta":{"_acf_changed":false,"footnotes":""},"class_list":["post-246","page","type-page","status-publish","hentry"],"acf":[],"yoast_head":"<!-- This site is optimized with the Yoast SEO plugin v27.4 - https:\/\/yoast.com\/product\/yoast-seo-wordpress\/ -->\n<title>Julien A. Perret - Pully en histoires<\/title>\n<meta name=\"robots\" content=\"index, follow, max-snippet:-1, max-image-preview:large, max-video-preview:-1\" \/>\n<link rel=\"canonical\" href=\"https:\/\/archeolab.app\/histoires\/julien-a-perret\/\" \/>\n<meta property=\"og:locale\" content=\"fr_FR\" \/>\n<meta property=\"og:type\" content=\"article\" \/>\n<meta property=\"og:title\" content=\"Julien A. Perret - Pully en histoires\" \/>\n<meta property=\"og:description\" content=\"Syndic de Pully entre 1978 et 1988 \u00ab\u00a0Sans culture, sans effort culturel individuel et collectif, on ne touche qu\u2019\u00e0 certains aspects de la civilisation, d\u2019o\u00f9 une qualit\u00e9 de vie satisfaisante &hellip; Continuer la lecture de Julien A. Perret\" \/>\n<meta property=\"og:url\" content=\"https:\/\/archeolab.app\/histoires\/julien-a-perret\/\" \/>\n<meta property=\"og:site_name\" content=\"Pully en histoires\" \/>\n<meta property=\"article:publisher\" content=\"https:\/\/www.facebook.com\/archeolabpully\/\" \/>\n<meta property=\"article:modified_time\" content=\"2023-12-07T11:30:53+00:00\" \/>\n<meta property=\"og:image\" content=\"https:\/\/archeolab.app\/histoires\/wp-content\/uploads\/sites\/4\/2020\/06\/Sante_Perret_light.jpg\" \/>\n<meta name=\"twitter:card\" content=\"summary_large_image\" \/>\n<meta name=\"twitter:label1\" content=\"Dur\u00e9e de lecture estim\u00e9e\" \/>\n\t<meta name=\"twitter:data1\" content=\"5 minutes\" \/>\n<script type=\"application\/ld+json\" class=\"yoast-schema-graph\">{\"@context\":\"https:\\\/\\\/schema.org\",\"@graph\":[{\"@type\":\"WebPage\",\"@id\":\"https:\\\/\\\/archeolab.app\\\/histoires\\\/julien-a-perret\\\/\",\"url\":\"https:\\\/\\\/archeolab.app\\\/histoires\\\/julien-a-perret\\\/\",\"name\":\"Julien A. Perret - Pully en histoires\",\"isPartOf\":{\"@id\":\"https:\\\/\\\/archeolab.app\\\/histoires\\\/#website\"},\"primaryImageOfPage\":{\"@id\":\"https:\\\/\\\/archeolab.app\\\/histoires\\\/julien-a-perret\\\/#primaryimage\"},\"image\":{\"@id\":\"https:\\\/\\\/archeolab.app\\\/histoires\\\/julien-a-perret\\\/#primaryimage\"},\"thumbnailUrl\":\"https:\\\/\\\/archeolab.app\\\/histoires\\\/wp-content\\\/uploads\\\/sites\\\/4\\\/2020\\\/06\\\/Sante_Perret_light.jpg\",\"datePublished\":\"2020-05-06T10:04:37+00:00\",\"dateModified\":\"2023-12-07T11:30:53+00:00\",\"breadcrumb\":{\"@id\":\"https:\\\/\\\/archeolab.app\\\/histoires\\\/julien-a-perret\\\/#breadcrumb\"},\"inLanguage\":\"fr-FR\",\"potentialAction\":[{\"@type\":\"ReadAction\",\"target\":[\"https:\\\/\\\/archeolab.app\\\/histoires\\\/julien-a-perret\\\/\"]}]},{\"@type\":\"ImageObject\",\"inLanguage\":\"fr-FR\",\"@id\":\"https:\\\/\\\/archeolab.app\\\/histoires\\\/julien-a-perret\\\/#primaryimage\",\"url\":\"https:\\\/\\\/archeolab.app\\\/histoires\\\/wp-content\\\/uploads\\\/sites\\\/4\\\/2020\\\/06\\\/Sante_Perret_light.jpg\",\"contentUrl\":\"https:\\\/\\\/archeolab.app\\\/histoires\\\/wp-content\\\/uploads\\\/sites\\\/4\\\/2020\\\/06\\\/Sante_Perret_light.jpg\",\"width\":2071,\"height\":1490,\"caption\":\"Julien A. Perret, Syndic de Pully, \u00e0 la r\u00e9ception annuelle pour les citoyens de 20 ans en d\u00e9cembre 1986. Source : Archives cantonales vaudoises (cote 3232).\"},{\"@type\":\"BreadcrumbList\",\"@id\":\"https:\\\/\\\/archeolab.app\\\/histoires\\\/julien-a-perret\\\/#breadcrumb\",\"itemListElement\":[{\"@type\":\"ListItem\",\"position\":1,\"name\":\"Accueil\",\"item\":\"https:\\\/\\\/archeolab.app\\\/histoires\\\/\"},{\"@type\":\"ListItem\",\"position\":2,\"name\":\"Julien A. Perret\"}]},{\"@type\":\"WebSite\",\"@id\":\"https:\\\/\\\/archeolab.app\\\/histoires\\\/#website\",\"url\":\"https:\\\/\\\/archeolab.app\\\/histoires\\\/\",\"name\":\"Pully en histoires\",\"description\":\"Balade historique dans les rues de Pully\",\"publisher\":{\"@id\":\"https:\\\/\\\/archeolab.app\\\/histoires\\\/#organization\"},\"potentialAction\":[{\"@type\":\"SearchAction\",\"target\":{\"@type\":\"EntryPoint\",\"urlTemplate\":\"https:\\\/\\\/archeolab.app\\\/histoires\\\/?s={search_term_string}\"},\"query-input\":{\"@type\":\"PropertyValueSpecification\",\"valueRequired\":true,\"valueName\":\"search_term_string\"}}],\"inLanguage\":\"fr-FR\"},{\"@type\":\"Organization\",\"@id\":\"https:\\\/\\\/archeolab.app\\\/histoires\\\/#organization\",\"name\":\"Arch\u00e9oLab\",\"alternateName\":\"Mus\u00e9es de Pully\",\"url\":\"https:\\\/\\\/archeolab.app\\\/histoires\\\/\",\"logo\":{\"@type\":\"ImageObject\",\"inLanguage\":\"fr-FR\",\"@id\":\"https:\\\/\\\/archeolab.app\\\/histoires\\\/#\\\/schema\\\/logo\\\/image\\\/\",\"url\":\"https:\\\/\\\/archeolab.app\\\/histoires\\\/wp-content\\\/uploads\\\/sites\\\/4\\\/2020\\\/03\\\/cropped-LOGO_AL.png\",\"contentUrl\":\"https:\\\/\\\/archeolab.app\\\/histoires\\\/wp-content\\\/uploads\\\/sites\\\/4\\\/2020\\\/03\\\/cropped-LOGO_AL.png\",\"width\":512,\"height\":512,\"caption\":\"Arch\u00e9oLab\"},\"image\":{\"@id\":\"https:\\\/\\\/archeolab.app\\\/histoires\\\/#\\\/schema\\\/logo\\\/image\\\/\"},\"sameAs\":[\"https:\\\/\\\/www.facebook.com\\\/archeolabpully\\\/\",\"https:\\\/\\\/www.instagram.com\\\/archeolabpully\\\/\",\"https:\\\/\\\/www.youtube.com\\\/channel\\\/UCUpFtKmSa837az_bM1foKjQ?app=desktop\"]}]}<\/script>\n<!-- \/ Yoast SEO plugin. -->","yoast_head_json":{"title":"Julien A. Perret - Pully en histoires","robots":{"index":"index","follow":"follow","max-snippet":"max-snippet:-1","max-image-preview":"max-image-preview:large","max-video-preview":"max-video-preview:-1"},"canonical":"https:\/\/archeolab.app\/histoires\/julien-a-perret\/","og_locale":"fr_FR","og_type":"article","og_title":"Julien A. Perret - Pully en histoires","og_description":"Syndic de Pully entre 1978 et 1988 \u00ab\u00a0Sans culture, sans effort culturel individuel et collectif, on ne touche qu\u2019\u00e0 certains aspects de la civilisation, d\u2019o\u00f9 une qualit\u00e9 de vie satisfaisante &hellip; Continuer la lecture de Julien A. Perret","og_url":"https:\/\/archeolab.app\/histoires\/julien-a-perret\/","og_site_name":"Pully en histoires","article_publisher":"https:\/\/www.facebook.com\/archeolabpully\/","article_modified_time":"2023-12-07T11:30:53+00:00","og_image":[{"url":"https:\/\/archeolab.app\/histoires\/wp-content\/uploads\/sites\/4\/2020\/06\/Sante_Perret_light.jpg","type":"","width":"","height":""}],"twitter_card":"summary_large_image","twitter_misc":{"Dur\u00e9e de lecture estim\u00e9e":"5 minutes"},"schema":{"@context":"https:\/\/schema.org","@graph":[{"@type":"WebPage","@id":"https:\/\/archeolab.app\/histoires\/julien-a-perret\/","url":"https:\/\/archeolab.app\/histoires\/julien-a-perret\/","name":"Julien A. Perret - Pully en histoires","isPartOf":{"@id":"https:\/\/archeolab.app\/histoires\/#website"},"primaryImageOfPage":{"@id":"https:\/\/archeolab.app\/histoires\/julien-a-perret\/#primaryimage"},"image":{"@id":"https:\/\/archeolab.app\/histoires\/julien-a-perret\/#primaryimage"},"thumbnailUrl":"https:\/\/archeolab.app\/histoires\/wp-content\/uploads\/sites\/4\/2020\/06\/Sante_Perret_light.jpg","datePublished":"2020-05-06T10:04:37+00:00","dateModified":"2023-12-07T11:30:53+00:00","breadcrumb":{"@id":"https:\/\/archeolab.app\/histoires\/julien-a-perret\/#breadcrumb"},"inLanguage":"fr-FR","potentialAction":[{"@type":"ReadAction","target":["https:\/\/archeolab.app\/histoires\/julien-a-perret\/"]}]},{"@type":"ImageObject","inLanguage":"fr-FR","@id":"https:\/\/archeolab.app\/histoires\/julien-a-perret\/#primaryimage","url":"https:\/\/archeolab.app\/histoires\/wp-content\/uploads\/sites\/4\/2020\/06\/Sante_Perret_light.jpg","contentUrl":"https:\/\/archeolab.app\/histoires\/wp-content\/uploads\/sites\/4\/2020\/06\/Sante_Perret_light.jpg","width":2071,"height":1490,"caption":"Julien A. Perret, Syndic de Pully, \u00e0 la r\u00e9ception annuelle pour les citoyens de 20 ans en d\u00e9cembre 1986. Source : Archives cantonales vaudoises (cote 3232)."},{"@type":"BreadcrumbList","@id":"https:\/\/archeolab.app\/histoires\/julien-a-perret\/#breadcrumb","itemListElement":[{"@type":"ListItem","position":1,"name":"Accueil","item":"https:\/\/archeolab.app\/histoires\/"},{"@type":"ListItem","position":2,"name":"Julien A. Perret"}]},{"@type":"WebSite","@id":"https:\/\/archeolab.app\/histoires\/#website","url":"https:\/\/archeolab.app\/histoires\/","name":"Pully en histoires","description":"Balade historique dans les rues de Pully","publisher":{"@id":"https:\/\/archeolab.app\/histoires\/#organization"},"potentialAction":[{"@type":"SearchAction","target":{"@type":"EntryPoint","urlTemplate":"https:\/\/archeolab.app\/histoires\/?s={search_term_string}"},"query-input":{"@type":"PropertyValueSpecification","valueRequired":true,"valueName":"search_term_string"}}],"inLanguage":"fr-FR"},{"@type":"Organization","@id":"https:\/\/archeolab.app\/histoires\/#organization","name":"Arch\u00e9oLab","alternateName":"Mus\u00e9es de Pully","url":"https:\/\/archeolab.app\/histoires\/","logo":{"@type":"ImageObject","inLanguage":"fr-FR","@id":"https:\/\/archeolab.app\/histoires\/#\/schema\/logo\/image\/","url":"https:\/\/archeolab.app\/histoires\/wp-content\/uploads\/sites\/4\/2020\/03\/cropped-LOGO_AL.png","contentUrl":"https:\/\/archeolab.app\/histoires\/wp-content\/uploads\/sites\/4\/2020\/03\/cropped-LOGO_AL.png","width":512,"height":512,"caption":"Arch\u00e9oLab"},"image":{"@id":"https:\/\/archeolab.app\/histoires\/#\/schema\/logo\/image\/"},"sameAs":["https:\/\/www.facebook.com\/archeolabpully\/","https:\/\/www.instagram.com\/archeolabpully\/","https:\/\/www.youtube.com\/channel\/UCUpFtKmSa837az_bM1foKjQ?app=desktop"]}]}},"_links":{"self":[{"href":"https:\/\/archeolab.app\/histoires\/wp-json\/wp\/v2\/pages\/246","targetHints":{"allow":["GET"]}}],"collection":[{"href":"https:\/\/archeolab.app\/histoires\/wp-json\/wp\/v2\/pages"}],"about":[{"href":"https:\/\/archeolab.app\/histoires\/wp-json\/wp\/v2\/types\/page"}],"author":[{"embeddable":true,"href":"https:\/\/archeolab.app\/histoires\/wp-json\/wp\/v2\/users\/2"}],"replies":[{"embeddable":true,"href":"https:\/\/archeolab.app\/histoires\/wp-json\/wp\/v2\/comments?post=246"}],"version-history":[{"count":42,"href":"https:\/\/archeolab.app\/histoires\/wp-json\/wp\/v2\/pages\/246\/revisions"}],"predecessor-version":[{"id":1018,"href":"https:\/\/archeolab.app\/histoires\/wp-json\/wp\/v2\/pages\/246\/revisions\/1018"}],"wp:attachment":[{"href":"https:\/\/archeolab.app\/histoires\/wp-json\/wp\/v2\/media?parent=246"}],"curies":[{"name":"wp","href":"https:\/\/api.w.org\/{rel}","templated":true}]}}