{"id":212,"date":"2020-05-05T17:59:31","date_gmt":"2020-05-05T15:59:31","guid":{"rendered":"https:\/\/archeolab.app\/histoires\/?page_id=212"},"modified":"2023-12-07T12:30:02","modified_gmt":"2023-12-07T11:30:02","slug":"samson-reymondin","status":"publish","type":"page","link":"https:\/\/archeolab.app\/histoires\/samson-reymondin\/","title":{"rendered":"Samson Reymondin"},"content":{"rendered":"\n<h2 class=\"wp-block-heading\">R\u00e9volutionnaire pulli\u00e9ran, 1769-1830<\/h2>\n\n\n\n\n\n\n\n<p><\/p>\n\n\n<p><iframe loading=\"lazy\" src=\"https:\/\/cdn.knightlab.com\/libs\/timeline3\/latest\/embed\/index.html?source=1X2UtUEKswAvBfJMfCx2NYE3f_H0ITFGsjFiWav8BheI&amp;font=Default&amp;lang=fr&amp;timenav_position=top&amp;hash_bookmark=true&amp;initial_zoom=5&amp;start_at_slide=2&amp;height=230#event-samson-reymondin-revolutionnaire\" allowfullscreen=\"allowfullscreen\" width=\"100%\" height=\"230\" frameborder=\"0\"><\/iframe><\/p>\n\n\n<figure class=\"wp-block-audio\"><audio controls src=\"https:\/\/archeolab.app\/histoires\/wp-content\/uploads\/sites\/4\/2023\/05\/7.Samson_lecture.mp3\"><\/audio><figcaption class=\"wp-element-caption\">Lecture \u00e0 voix haute<\/figcaption><\/figure>\n\n\n\n<div class=\"wp-block-group\"><div class=\"wp-block-group__inner-container is-layout-flow wp-block-group-is-layout-flow\">\n<p style=\"padding-left: 40px;\"><em>\u00ab\u00a0<\/em><em>Boutons les Bernois hors du Pays de Vaud ! Comme nos voisins Fran\u00e7ais, faisons la R\u00e9volution ! Mes amis patriotes et moi-m\u00eame sommes pr\u00eats \u00e0 mettre toutes nos forces dans la lutte contre la tyrannie et le vice. S\u2019il le faut, j\u2019irai au cachot, mais pas question de subir plus longtemps ce joug perfide, c\u2019en est assez ! Et un jour, peut-\u00eatre, je pourrai vivre paisiblement parmi les miens, \u00e0 Pully&#8230;\u00a0\u00bb<\/em><\/p>\n<p align=\"justify\">De son nom complet Jean-Samson-Louis Reymondin, Samson Reymondin est n\u00e9 le 11 novembre 1769 \u00e0 Pully. Fils de Marie-Catherine Borgeaud et d\u2019un agriculteur \u00e9galement juge, septi\u00e8me enfant d\u2019une fratrie de douze, il se d\u00e9marque par son intelligence. Il profite donc d\u2019une \u00e9ducation plus pouss\u00e9e, qui lui permettra d\u2019\u00eatre commis libraire chez Barde et Manget \u00e0 Gen\u00e8ve.<\/p>\n<figure id=\"attachment_215\" aria-describedby=\"caption-attachment-215\" style=\"width: 500px\" class=\"wp-caption aligncenter\"><a href=\"https:\/\/archeolab.app\/histoires\/wp-content\/uploads\/sites\/4\/2020\/05\/portrait-Reymondin.jpg\" target=\"_blank\" rel=\"noopener noreferrer\"><img loading=\"lazy\" decoding=\"async\" class=\"wp-image-215\" src=\"https:\/\/archeolab.app\/histoires\/wp-content\/uploads\/sites\/4\/2020\/05\/portrait-Reymondin.jpg\" alt=\"Portrait Reymondin\" width=\"500\" height=\"624\" srcset=\"https:\/\/archeolab.app\/histoires\/wp-content\/uploads\/sites\/4\/2020\/05\/portrait-Reymondin.jpg 513w, https:\/\/archeolab.app\/histoires\/wp-content\/uploads\/sites\/4\/2020\/05\/portrait-Reymondin-240x300.jpg 240w\" sizes=\"auto, (max-width: 500px) 100vw, 500px\" \/><\/a><figcaption id=\"caption-attachment-215\" class=\"wp-caption-text\">Figure 7.1 : Benjamin-Samuel Bolomey, <em>Reymondin<\/em>, 1803, dessin sur papier, 11 x 10 cm, Mus\u00e9e historique de Lausanne.<\/figcaption><\/figure>\n<p align=\"justify\">C\u2019est dans cette ville qu\u2019il est arr\u00eat\u00e9 par le lieutenant Naville le 14 septembre 1791, accus\u00e9 d\u2019avoir particip\u00e9 durant l\u2019\u00e9t\u00e9 pr\u00e9c\u00e9dent \u00e0 des banquets comm\u00e9morant la R\u00e9volution, d\u2019avoir r\u00e9dig\u00e9 des lettres et pamphlets contre le pouvoir bernois, d\u2019avoir lanc\u00e9 des appels \u00e0 la r\u00e9volte et d\u2019avoir r\u00e9pandu des ouvrages de propagande dans le pays de Vaud. Reymondin s\u2019\u00e9tait en effet li\u00e9 aux Patriotes Helv\u00e9tiens, des r\u00e9volutionnaires souhaitant que le Pays de Vaud s\u2019inspire des changements politiques r\u00e9cents en France. Le pouvoir bernois, mis au courant de ses agissements, exige alors que Reymondin soit arr\u00eat\u00e9 et extrad\u00e9 de Gen\u00e8ve.<\/p>\n<p align=\"justify\">Samson Reymondin &#8211; <i>Adresse aux habitants du pays de Vaud par l&rsquo;un de leurs concitoy<\/i><em>ens <\/em>[enregistrement Arch\u00e9oLab] :<\/p>\n<audio class=\"wp-audio-shortcode\" id=\"audio-212-1\" preload=\"none\" style=\"width: 100%;\" controls=\"controls\"><source type=\"audio\/mpeg\" src=\"https:\/\/archeolab.app\/histoires\/wp-content\/uploads\/sites\/4\/2020\/07\/Reymondin-son-MD.mp3?_=1\" \/><a href=\"https:\/\/archeolab.app\/histoires\/wp-content\/uploads\/sites\/4\/2020\/07\/Reymondin-son-MD.mp3\">https:\/\/archeolab.app\/histoires\/wp-content\/uploads\/sites\/4\/2020\/07\/Reymondin-son-MD.mp3<\/a><\/audio>\n<figure id=\"attachment_216\" aria-describedby=\"caption-attachment-216\" style=\"width: 2560px\" class=\"wp-caption aligncenter\"><a href=\"https:\/\/archeolab.app\/histoires\/wp-content\/uploads\/sites\/4\/2020\/05\/pamphlet_re\u0301volutionnaire-scaled.jpg\" target=\"_blank\" rel=\"noopener noreferrer\"><img loading=\"lazy\" decoding=\"async\" class=\"wp-image-216 size-full\" src=\"https:\/\/archeolab.app\/histoires\/wp-content\/uploads\/sites\/4\/2020\/05\/pamphlet_re\u0301volutionnaire-scaled.jpg\" alt=\"Pamphlet re\u0301volutionnaire\" width=\"2560\" height=\"2380\" srcset=\"https:\/\/archeolab.app\/histoires\/wp-content\/uploads\/sites\/4\/2020\/05\/pamphlet_re\u0301volutionnaire-scaled.jpg 2560w, https:\/\/archeolab.app\/histoires\/wp-content\/uploads\/sites\/4\/2020\/05\/pamphlet_re\u0301volutionnaire-300x279.jpg 300w, https:\/\/archeolab.app\/histoires\/wp-content\/uploads\/sites\/4\/2020\/05\/pamphlet_re\u0301volutionnaire-1024x952.jpg 1024w, https:\/\/archeolab.app\/histoires\/wp-content\/uploads\/sites\/4\/2020\/05\/pamphlet_re\u0301volutionnaire-768x714.jpg 768w, https:\/\/archeolab.app\/histoires\/wp-content\/uploads\/sites\/4\/2020\/05\/pamphlet_re\u0301volutionnaire-1536x1428.jpg 1536w, https:\/\/archeolab.app\/histoires\/wp-content\/uploads\/sites\/4\/2020\/05\/pamphlet_re\u0301volutionnaire-2048x1904.jpg 2048w\" sizes=\"auto, (max-width: 2560px) 100vw, 2560px\" \/><\/a><figcaption id=\"caption-attachment-216\" class=\"wp-caption-text\">Figure 7.2 : Textes r\u00e9volutionnaires vaudois.<\/figcaption><\/figure>\n<figure id=\"attachment_454\" aria-describedby=\"caption-attachment-454\" style=\"width: 640px\" class=\"wp-caption alignnone\"><a href=\"https:\/\/archeolab.app\/histoires\/wp-content\/uploads\/sites\/4\/2020\/05\/lithographie_new_b.jpg\" target=\"_blank\" rel=\"noopener noreferrer\"><img loading=\"lazy\" decoding=\"async\" class=\"wp-image-454 size-full\" src=\"https:\/\/archeolab.app\/histoires\/wp-content\/uploads\/sites\/4\/2020\/05\/lithographie_new_b.jpg\" alt=\"\" width=\"640\" height=\"428\" srcset=\"https:\/\/archeolab.app\/histoires\/wp-content\/uploads\/sites\/4\/2020\/05\/lithographie_new_b.jpg 640w, https:\/\/archeolab.app\/histoires\/wp-content\/uploads\/sites\/4\/2020\/05\/lithographie_new_b-300x201.jpg 300w\" sizes=\"auto, (max-width: 640px) 100vw, 640px\" \/><\/a><figcaption id=\"caption-attachment-454\" class=\"wp-caption-text\">Figure 7.3 : Caricature repr\u00e9sentant la R\u00e9volution vaudoise personnifi\u00e9e par la femme au centre qui repousse l\u2019ours bernois hors du Pays de Vaud.<\/figcaption><\/figure>\n<p align=\"justify\">Avant m\u00eame sa condamnation, Reymondin r\u00e9alise une premi\u00e8re tentative d\u2019\u00e9vasion le 23 d\u00e9cembre 1791, mais il sera repris rapidement. Quelques mois plus tard, le 11 mai 1792, il est condamn\u00e9 \u00e0 25 ans de prison pour cause d\u2019adresse r\u00e9volutionnaire aux habitants du Pays de Vaud, d\u2019appel \u00e0 la r\u00e9volte, de lettres honteuses \u00e0 ses parents et aux avoyers de Berne et, enfin, de relations condamnables \u00e0 Gen\u00e8ve. On l\u2019interne alors \u00e0 l\u2019H\u00f4pital de l\u2019Isle, o\u00f9 ses conditions d\u2019emprisonnement sont d\u00e9crites comme tr\u00e8s rudes. Le 6 mai 1793, Reymondin s\u2019\u00e9vade pour de bon, apr\u00e8s avoir sci\u00e9 les grilles de sa fen\u00eatre \u00e0 l\u2019aide de petites lames de m\u00e9tal et quitt\u00e9 sa cellule gr\u00e2ce \u00e0 une corde. Il se r\u00e9fugie ensuite \u00e0 Ferney, \u00e0 Gen\u00e8ve puis \u00e0 Lyon, o\u00f9 un agent fran\u00e7ais lui permet de se mettre \u00e0 l\u2019abri.<\/p>\n<p align=\"justify\">On perd ensuite sa trace, jusque vers 1800, quand il est portraitur\u00e9 en chef de brigade helv\u00e9tique par Benjamin Bolomey, puis devient d\u00e9put\u00e9 au Grand Conseil d\u00e8s 1803. Le 3 octobre de la m\u00eame ann\u00e9e, alors qu\u2019il semble \u00e0 nouveau vivre en paix \u00e0 Pully, Samson se marie avec Elisabeth-Sophie, fille de Victor Eternod. D\u00e8s lors, ils vivent dans la propri\u00e9t\u00e9 de la famille Eternod, la campagne dite la Perraudette proche de Pully. En 1809, ou m\u00eame avant, il est greffier de la Justice de Paix \u00e0 Pully et, en 1816, juge au tribunal de district de Lausanne. Reymondin d\u00e9c\u00e8de le 4 mars 1830, sans descendance. Plus de 80 personnes assisteront \u00e0 son enterrement. Le 3 f\u00e9vrier 1851, \u00e2g\u00e9e de 68 ans, sa femme d\u00e9c\u00e8de \u00e0 son tour. Dans son testament, Reymondin avait demand\u00e9 que 100 francs soient pris annuellement sur le revenu de ses biens pour financer une caisse de famille, destin\u00e9e \u00e0 aider les p\u00e8res de famille dans le besoin, pour autant qu\u2019ils n\u2019aient pas laiss\u00e9 mendier leurs enfants mais les fassent \u00ab\u00a0subsister par une vie laborieuse et sobre en les faisant instruire\u00a0\u00bb.<\/p>\n<p align=\"justify\">Samson Reymondin a inspir\u00e9 plusieurs \u00e9crits, la plupart rendant hommage \u00e0 ce personnage pulli\u00e9ran. Jean Desonnaz, membre du tribunal r\u00e9volutionnaire de Gen\u00e8ve en 1794, a \u00e9crit l\u2019<em>Histoire du patriote Reymondin pendant sa d\u00e9tention dans les diff\u00e9rentes bastilles du canton de Berne<\/em>, un titre qui indique l\u2019aspect rocambolesque de ses aventures. Reymondin appara\u00eet \u00e9galement dans une pi\u00e8ce d\u2019Henri Warnery, <em>Le peuple vaudois, 1903<\/em>. On connait encore une sorte de comptine, alors appel\u00e9e \u00ab\u00a0romance\u00a0\u00bb, narrant les \u00ab\u00a0malheurs de Reymondin\u00a0\u00bb, qui condamne notamment les agissements du lieutenant Naville. Celui\u2011ci, condamn\u00e9 \u00e0 mort par contumace en 1794, a t\u00e9moign\u00e9 de sa propre bonne conduite aupr\u00e8s de Reymondin, ce que confirme dans une lettre un cousin de Samson, Nicolas-Didier H\u00e9bert, \u00e9mailleur \u00e0 Gen\u00e8ve.<\/p>\n<p align=\"justify\">\u00c0 Pully, une avenue porte le nom de Reymondin suite \u00e0 une p\u00e9tition dat\u00e9e du 18 d\u00e9cembre 1928 qui demandait \u00e0 la Municipalit\u00e9 de lui rendre hommage.<\/p>\n<\/div><\/div>\n","protected":false},"excerpt":{"rendered":"<p>R\u00e9volutionnaire pulli\u00e9ran, 1769-1830 \u00ab\u00a0Boutons les Bernois hors du Pays de Vaud ! Comme nos voisins Fran\u00e7ais, faisons la R\u00e9volution ! Mes amis patriotes et moi-m\u00eame sommes pr\u00eats \u00e0 mettre toutes &hellip; <a href=\"https:\/\/archeolab.app\/histoires\/samson-reymondin\/\" class=\"more-link\">Continuer la lecture de <span class=\"screen-reader-text\">Samson Reymondin<\/span><\/a><\/p>\n","protected":false},"author":2,"featured_media":0,"parent":0,"menu_order":70,"comment_status":"closed","ping_status":"closed","template":"","meta":{"_acf_changed":false,"footnotes":""},"class_list":["post-212","page","type-page","status-publish","hentry"],"acf":[],"yoast_head":"<!-- This site is optimized with the Yoast SEO plugin v27.4 - https:\/\/yoast.com\/product\/yoast-seo-wordpress\/ -->\n<title>Samson Reymondin - Pully en histoires<\/title>\n<meta name=\"robots\" content=\"index, follow, max-snippet:-1, max-image-preview:large, max-video-preview:-1\" \/>\n<link rel=\"canonical\" href=\"https:\/\/archeolab.app\/histoires\/samson-reymondin\/\" \/>\n<meta property=\"og:locale\" content=\"fr_FR\" \/>\n<meta property=\"og:type\" content=\"article\" \/>\n<meta property=\"og:title\" content=\"Samson Reymondin - Pully en histoires\" \/>\n<meta property=\"og:description\" content=\"R\u00e9volutionnaire pulli\u00e9ran, 1769-1830 \u00ab\u00a0Boutons les Bernois hors du Pays de Vaud ! Comme nos voisins Fran\u00e7ais, faisons la R\u00e9volution ! Mes amis patriotes et moi-m\u00eame sommes pr\u00eats \u00e0 mettre toutes &hellip; Continuer la lecture de Samson Reymondin\" \/>\n<meta property=\"og:url\" content=\"https:\/\/archeolab.app\/histoires\/samson-reymondin\/\" \/>\n<meta property=\"og:site_name\" content=\"Pully en histoires\" \/>\n<meta property=\"article:publisher\" content=\"https:\/\/www.facebook.com\/archeolabpully\/\" \/>\n<meta property=\"article:modified_time\" content=\"2023-12-07T11:30:02+00:00\" \/>\n<meta property=\"og:image\" content=\"https:\/\/archeolab.app\/histoires\/wp-content\/uploads\/sites\/4\/2020\/05\/portrait-Reymondin.jpg\" \/>\n<meta name=\"twitter:card\" content=\"summary_large_image\" \/>\n<meta name=\"twitter:label1\" content=\"Dur\u00e9e de lecture estim\u00e9e\" \/>\n\t<meta name=\"twitter:data1\" content=\"5 minutes\" \/>\n<script type=\"application\/ld+json\" class=\"yoast-schema-graph\">{\"@context\":\"https:\\\/\\\/schema.org\",\"@graph\":[{\"@type\":\"WebPage\",\"@id\":\"https:\\\/\\\/archeolab.app\\\/histoires\\\/samson-reymondin\\\/\",\"url\":\"https:\\\/\\\/archeolab.app\\\/histoires\\\/samson-reymondin\\\/\",\"name\":\"Samson Reymondin - Pully en histoires\",\"isPartOf\":{\"@id\":\"https:\\\/\\\/archeolab.app\\\/histoires\\\/#website\"},\"primaryImageOfPage\":{\"@id\":\"https:\\\/\\\/archeolab.app\\\/histoires\\\/samson-reymondin\\\/#primaryimage\"},\"image\":{\"@id\":\"https:\\\/\\\/archeolab.app\\\/histoires\\\/samson-reymondin\\\/#primaryimage\"},\"thumbnailUrl\":\"https:\\\/\\\/archeolab.app\\\/histoires\\\/wp-content\\\/uploads\\\/sites\\\/4\\\/2020\\\/05\\\/portrait-Reymondin.jpg\",\"datePublished\":\"2020-05-05T15:59:31+00:00\",\"dateModified\":\"2023-12-07T11:30:02+00:00\",\"breadcrumb\":{\"@id\":\"https:\\\/\\\/archeolab.app\\\/histoires\\\/samson-reymondin\\\/#breadcrumb\"},\"inLanguage\":\"fr-FR\",\"potentialAction\":[{\"@type\":\"ReadAction\",\"target\":[\"https:\\\/\\\/archeolab.app\\\/histoires\\\/samson-reymondin\\\/\"]}]},{\"@type\":\"ImageObject\",\"inLanguage\":\"fr-FR\",\"@id\":\"https:\\\/\\\/archeolab.app\\\/histoires\\\/samson-reymondin\\\/#primaryimage\",\"url\":\"https:\\\/\\\/archeolab.app\\\/histoires\\\/wp-content\\\/uploads\\\/sites\\\/4\\\/2020\\\/05\\\/portrait-Reymondin.jpg\",\"contentUrl\":\"https:\\\/\\\/archeolab.app\\\/histoires\\\/wp-content\\\/uploads\\\/sites\\\/4\\\/2020\\\/05\\\/portrait-Reymondin.jpg\",\"width\":513,\"height\":640,\"caption\":\"Samson Reymondin, r\u00e9volutionnaire pulli\u00e9ran\"},{\"@type\":\"BreadcrumbList\",\"@id\":\"https:\\\/\\\/archeolab.app\\\/histoires\\\/samson-reymondin\\\/#breadcrumb\",\"itemListElement\":[{\"@type\":\"ListItem\",\"position\":1,\"name\":\"Accueil\",\"item\":\"https:\\\/\\\/archeolab.app\\\/histoires\\\/\"},{\"@type\":\"ListItem\",\"position\":2,\"name\":\"Samson Reymondin\"}]},{\"@type\":\"WebSite\",\"@id\":\"https:\\\/\\\/archeolab.app\\\/histoires\\\/#website\",\"url\":\"https:\\\/\\\/archeolab.app\\\/histoires\\\/\",\"name\":\"Pully en histoires\",\"description\":\"Balade historique dans les rues de Pully\",\"publisher\":{\"@id\":\"https:\\\/\\\/archeolab.app\\\/histoires\\\/#organization\"},\"potentialAction\":[{\"@type\":\"SearchAction\",\"target\":{\"@type\":\"EntryPoint\",\"urlTemplate\":\"https:\\\/\\\/archeolab.app\\\/histoires\\\/?s={search_term_string}\"},\"query-input\":{\"@type\":\"PropertyValueSpecification\",\"valueRequired\":true,\"valueName\":\"search_term_string\"}}],\"inLanguage\":\"fr-FR\"},{\"@type\":\"Organization\",\"@id\":\"https:\\\/\\\/archeolab.app\\\/histoires\\\/#organization\",\"name\":\"Arch\u00e9oLab\",\"alternateName\":\"Mus\u00e9es de Pully\",\"url\":\"https:\\\/\\\/archeolab.app\\\/histoires\\\/\",\"logo\":{\"@type\":\"ImageObject\",\"inLanguage\":\"fr-FR\",\"@id\":\"https:\\\/\\\/archeolab.app\\\/histoires\\\/#\\\/schema\\\/logo\\\/image\\\/\",\"url\":\"https:\\\/\\\/archeolab.app\\\/histoires\\\/wp-content\\\/uploads\\\/sites\\\/4\\\/2020\\\/03\\\/cropped-LOGO_AL.png\",\"contentUrl\":\"https:\\\/\\\/archeolab.app\\\/histoires\\\/wp-content\\\/uploads\\\/sites\\\/4\\\/2020\\\/03\\\/cropped-LOGO_AL.png\",\"width\":512,\"height\":512,\"caption\":\"Arch\u00e9oLab\"},\"image\":{\"@id\":\"https:\\\/\\\/archeolab.app\\\/histoires\\\/#\\\/schema\\\/logo\\\/image\\\/\"},\"sameAs\":[\"https:\\\/\\\/www.facebook.com\\\/archeolabpully\\\/\",\"https:\\\/\\\/www.instagram.com\\\/archeolabpully\\\/\",\"https:\\\/\\\/www.youtube.com\\\/channel\\\/UCUpFtKmSa837az_bM1foKjQ?app=desktop\"]}]}<\/script>\n<!-- \/ Yoast SEO plugin. -->","yoast_head_json":{"title":"Samson Reymondin - Pully en histoires","robots":{"index":"index","follow":"follow","max-snippet":"max-snippet:-1","max-image-preview":"max-image-preview:large","max-video-preview":"max-video-preview:-1"},"canonical":"https:\/\/archeolab.app\/histoires\/samson-reymondin\/","og_locale":"fr_FR","og_type":"article","og_title":"Samson Reymondin - Pully en histoires","og_description":"R\u00e9volutionnaire pulli\u00e9ran, 1769-1830 \u00ab\u00a0Boutons les Bernois hors du Pays de Vaud ! Comme nos voisins Fran\u00e7ais, faisons la R\u00e9volution ! Mes amis patriotes et moi-m\u00eame sommes pr\u00eats \u00e0 mettre toutes &hellip; Continuer la lecture de Samson Reymondin","og_url":"https:\/\/archeolab.app\/histoires\/samson-reymondin\/","og_site_name":"Pully en histoires","article_publisher":"https:\/\/www.facebook.com\/archeolabpully\/","article_modified_time":"2023-12-07T11:30:02+00:00","og_image":[{"url":"https:\/\/archeolab.app\/histoires\/wp-content\/uploads\/sites\/4\/2020\/05\/portrait-Reymondin.jpg","type":"","width":"","height":""}],"twitter_card":"summary_large_image","twitter_misc":{"Dur\u00e9e de lecture estim\u00e9e":"5 minutes"},"schema":{"@context":"https:\/\/schema.org","@graph":[{"@type":"WebPage","@id":"https:\/\/archeolab.app\/histoires\/samson-reymondin\/","url":"https:\/\/archeolab.app\/histoires\/samson-reymondin\/","name":"Samson Reymondin - Pully en histoires","isPartOf":{"@id":"https:\/\/archeolab.app\/histoires\/#website"},"primaryImageOfPage":{"@id":"https:\/\/archeolab.app\/histoires\/samson-reymondin\/#primaryimage"},"image":{"@id":"https:\/\/archeolab.app\/histoires\/samson-reymondin\/#primaryimage"},"thumbnailUrl":"https:\/\/archeolab.app\/histoires\/wp-content\/uploads\/sites\/4\/2020\/05\/portrait-Reymondin.jpg","datePublished":"2020-05-05T15:59:31+00:00","dateModified":"2023-12-07T11:30:02+00:00","breadcrumb":{"@id":"https:\/\/archeolab.app\/histoires\/samson-reymondin\/#breadcrumb"},"inLanguage":"fr-FR","potentialAction":[{"@type":"ReadAction","target":["https:\/\/archeolab.app\/histoires\/samson-reymondin\/"]}]},{"@type":"ImageObject","inLanguage":"fr-FR","@id":"https:\/\/archeolab.app\/histoires\/samson-reymondin\/#primaryimage","url":"https:\/\/archeolab.app\/histoires\/wp-content\/uploads\/sites\/4\/2020\/05\/portrait-Reymondin.jpg","contentUrl":"https:\/\/archeolab.app\/histoires\/wp-content\/uploads\/sites\/4\/2020\/05\/portrait-Reymondin.jpg","width":513,"height":640,"caption":"Samson Reymondin, r\u00e9volutionnaire pulli\u00e9ran"},{"@type":"BreadcrumbList","@id":"https:\/\/archeolab.app\/histoires\/samson-reymondin\/#breadcrumb","itemListElement":[{"@type":"ListItem","position":1,"name":"Accueil","item":"https:\/\/archeolab.app\/histoires\/"},{"@type":"ListItem","position":2,"name":"Samson Reymondin"}]},{"@type":"WebSite","@id":"https:\/\/archeolab.app\/histoires\/#website","url":"https:\/\/archeolab.app\/histoires\/","name":"Pully en histoires","description":"Balade historique dans les rues de Pully","publisher":{"@id":"https:\/\/archeolab.app\/histoires\/#organization"},"potentialAction":[{"@type":"SearchAction","target":{"@type":"EntryPoint","urlTemplate":"https:\/\/archeolab.app\/histoires\/?s={search_term_string}"},"query-input":{"@type":"PropertyValueSpecification","valueRequired":true,"valueName":"search_term_string"}}],"inLanguage":"fr-FR"},{"@type":"Organization","@id":"https:\/\/archeolab.app\/histoires\/#organization","name":"Arch\u00e9oLab","alternateName":"Mus\u00e9es de Pully","url":"https:\/\/archeolab.app\/histoires\/","logo":{"@type":"ImageObject","inLanguage":"fr-FR","@id":"https:\/\/archeolab.app\/histoires\/#\/schema\/logo\/image\/","url":"https:\/\/archeolab.app\/histoires\/wp-content\/uploads\/sites\/4\/2020\/03\/cropped-LOGO_AL.png","contentUrl":"https:\/\/archeolab.app\/histoires\/wp-content\/uploads\/sites\/4\/2020\/03\/cropped-LOGO_AL.png","width":512,"height":512,"caption":"Arch\u00e9oLab"},"image":{"@id":"https:\/\/archeolab.app\/histoires\/#\/schema\/logo\/image\/"},"sameAs":["https:\/\/www.facebook.com\/archeolabpully\/","https:\/\/www.instagram.com\/archeolabpully\/","https:\/\/www.youtube.com\/channel\/UCUpFtKmSa837az_bM1foKjQ?app=desktop"]}]}},"_links":{"self":[{"href":"https:\/\/archeolab.app\/histoires\/wp-json\/wp\/v2\/pages\/212","targetHints":{"allow":["GET"]}}],"collection":[{"href":"https:\/\/archeolab.app\/histoires\/wp-json\/wp\/v2\/pages"}],"about":[{"href":"https:\/\/archeolab.app\/histoires\/wp-json\/wp\/v2\/types\/page"}],"author":[{"embeddable":true,"href":"https:\/\/archeolab.app\/histoires\/wp-json\/wp\/v2\/users\/2"}],"replies":[{"embeddable":true,"href":"https:\/\/archeolab.app\/histoires\/wp-json\/wp\/v2\/comments?post=212"}],"version-history":[{"count":33,"href":"https:\/\/archeolab.app\/histoires\/wp-json\/wp\/v2\/pages\/212\/revisions"}],"predecessor-version":[{"id":1015,"href":"https:\/\/archeolab.app\/histoires\/wp-json\/wp\/v2\/pages\/212\/revisions\/1015"}],"wp:attachment":[{"href":"https:\/\/archeolab.app\/histoires\/wp-json\/wp\/v2\/media?parent=212"}],"curies":[{"name":"wp","href":"https:\/\/api.w.org\/{rel}","templated":true}]}}