{"id":652,"date":"2017-09-04T09:35:49","date_gmt":"2017-09-04T07:35:49","guid":{"rendered":"http:\/\/www.archeoweb.ch\/expo\/archeonimaux\/les-fables\/"},"modified":"2020-03-27T10:19:57","modified_gmt":"2020-03-27T09:19:57","slug":"les-fables","status":"publish","type":"page","link":"https:\/\/archeolab.app\/archeonimaux\/les-fables\/","title":{"rendered":"Les fables"},"content":{"rendered":"\n<figure class=\"wp-block-gallery columns-3 is-cropped wp-block-gallery-1 is-layout-flex wp-block-gallery-is-layout-flex\"><ul class=\"blocks-gallery-grid\"><li class=\"blocks-gallery-item\"><figure><a href=\"https:\/\/archeolab.app\/archeonimaux\/les-fables\/les-fables-animalieres\/\"><img loading=\"lazy\" decoding=\"async\" width=\"756\" height=\"1024\" src=\"https:\/\/archeolab.app\/archeonimaux\/wp-content\/uploads\/sites\/3\/2018\/01\/fig.27-mod-e1516023255881-756x1024.jpg\" alt=\"\" data-id=\"1470\" data-link=\"https:\/\/archeolab.app\/archeonimaux\/fig-27-mod-e1516023255881\/\" class=\"wp-image-1470\" srcset=\"https:\/\/archeolab.app\/archeonimaux\/wp-content\/uploads\/sites\/3\/2018\/01\/fig.27-mod-e1516023255881-756x1024.jpg 756w, https:\/\/archeolab.app\/archeonimaux\/wp-content\/uploads\/sites\/3\/2018\/01\/fig.27-mod-e1516023255881-221x300.jpg 221w, https:\/\/archeolab.app\/archeonimaux\/wp-content\/uploads\/sites\/3\/2018\/01\/fig.27-mod-e1516023255881-768x1040.jpg 768w, https:\/\/archeolab.app\/archeonimaux\/wp-content\/uploads\/sites\/3\/2018\/01\/fig.27-mod-e1516023255881-1134x1536.jpg 1134w, https:\/\/archeolab.app\/archeonimaux\/wp-content\/uploads\/sites\/3\/2018\/01\/fig.27-mod-e1516023255881-1512x2048.jpg 1512w, https:\/\/archeolab.app\/archeonimaux\/wp-content\/uploads\/sites\/3\/2018\/01\/fig.27-mod-e1516023255881-1200x1625.jpg 1200w, https:\/\/archeolab.app\/archeonimaux\/wp-content\/uploads\/sites\/3\/2018\/01\/fig.27-mod-e1516023255881-1980x2682.jpg 1980w, https:\/\/archeolab.app\/archeonimaux\/wp-content\/uploads\/sites\/3\/2018\/01\/fig.27-mod-e1516023255881-scaled.jpg 1890w\" sizes=\"auto, (max-width: 756px) 100vw, 756px\" \/><figcaption class=\"blocks-gallery-item__caption\">Les fables animali\u00e8res<\/figcaption><\/figure><\/li><li class=\"blocks-gallery-item\"><figure><a href=\"https:\/\/archeolab.app\/archeonimaux\/les-fables\/esope-la-cigale-et-la-fourmi\/\"><img loading=\"lazy\" decoding=\"async\" width=\"380\" height=\"366\" src=\"https:\/\/archeolab.app\/archeonimaux\/wp-content\/uploads\/sites\/3\/2020\/03\/The_Ant_and_the_Grasshopper_-_Project_Gutenberg_etext_19994.jpg\" alt=\"\" data-id=\"1618\" data-full-url=\"https:\/\/archeolab.app\/archeonimaux\/wp-content\/uploads\/sites\/3\/2020\/03\/The_Ant_and_the_Grasshopper_-_Project_Gutenberg_etext_19994.jpg\" data-link=\"https:\/\/archeolab.app\/archeonimaux\/les-fables\/the_ant_and_the_grasshopper_-_project_gutenberg_etext_19994\/\" class=\"wp-image-1618\" srcset=\"https:\/\/archeolab.app\/archeonimaux\/wp-content\/uploads\/sites\/3\/2020\/03\/The_Ant_and_the_Grasshopper_-_Project_Gutenberg_etext_19994.jpg 380w, https:\/\/archeolab.app\/archeonimaux\/wp-content\/uploads\/sites\/3\/2020\/03\/The_Ant_and_the_Grasshopper_-_Project_Gutenberg_etext_19994-300x289.jpg 300w\" sizes=\"auto, (max-width: 380px) 100vw, 380px\" \/><figcaption class=\"blocks-gallery-item__caption\">Histoires de cigales et de fourmis<\/figcaption><\/figure><\/li><li class=\"blocks-gallery-item\"><figure><a href=\"https:\/\/archeolab.app\/archeonimaux\/les-fables\/le-chien\/\"><img loading=\"lazy\" decoding=\"async\" width=\"750\" height=\"500\" src=\"https:\/\/archeolab.app\/archeonimaux\/wp-content\/uploads\/sites\/3\/2017\/09\/Fig.17jpg.jpg\" alt=\"\" data-id=\"1520\" data-link=\"https:\/\/archeolab.app\/archeonimaux\/fig-17jpg\/\" class=\"wp-image-1520\" srcset=\"https:\/\/archeolab.app\/archeonimaux\/wp-content\/uploads\/sites\/3\/2017\/09\/Fig.17jpg.jpg 750w, https:\/\/archeolab.app\/archeonimaux\/wp-content\/uploads\/sites\/3\/2017\/09\/Fig.17jpg-300x200.jpg 300w\" sizes=\"auto, (max-width: 750px) 100vw, 750px\" \/><figcaption class=\"blocks-gallery-item__caption\">Histoires de chiens<\/figcaption><\/figure><\/li><\/ul><\/figure>\n","protected":false},"excerpt":{"rendered":"","protected":false},"author":1,"featured_media":0,"parent":0,"menu_order":5,"comment_status":"closed","ping_status":"closed","template":"","meta":{"_acf_changed":false,"footnotes":""},"class_list":["post-652","page","type-page","status-publish","hentry"],"acf":[],"yoast_head":"<!-- This site is optimized with the Yoast SEO plugin v27.5 - https:\/\/yoast.com\/product\/yoast-seo-wordpress\/ -->\n<title>Les fables - Arch\u00e9onimaux<\/title>\n<meta name=\"robots\" content=\"index, follow, max-snippet:-1, max-image-preview:large, max-video-preview:-1\" \/>\n<link rel=\"canonical\" href=\"https:\/\/archeolab.app\/archeonimaux\/les-fables\/\" \/>\n<meta property=\"og:locale\" content=\"fr_FR\" \/>\n<meta property=\"og:type\" content=\"article\" \/>\n<meta property=\"og:title\" content=\"Les fables - Arch\u00e9onimaux\" \/>\n<meta property=\"og:url\" content=\"https:\/\/archeolab.app\/archeonimaux\/les-fables\/\" \/>\n<meta property=\"og:site_name\" content=\"Arch\u00e9onimaux\" \/>\n<meta property=\"article:modified_time\" content=\"2020-03-27T09:19:57+00:00\" \/>\n<meta property=\"og:image\" content=\"https:\/\/archeolab.app\/archeonimaux\/wp-content\/uploads\/sites\/3\/2018\/01\/fig.27-mod-e1516023255881-756x1024.jpg\" \/>\n<meta name=\"twitter:card\" content=\"summary_large_image\" \/>\n<script type=\"application\/ld+json\" class=\"yoast-schema-graph\">{\"@context\":\"https:\\\/\\\/schema.org\",\"@graph\":[{\"@type\":\"WebPage\",\"@id\":\"https:\\\/\\\/archeolab.app\\\/archeonimaux\\\/les-fables\\\/\",\"url\":\"https:\\\/\\\/archeolab.app\\\/archeonimaux\\\/les-fables\\\/\",\"name\":\"Les fables - Arch\u00e9onimaux\",\"isPartOf\":{\"@id\":\"https:\\\/\\\/archeolab.app\\\/archeonimaux\\\/#website\"},\"primaryImageOfPage\":{\"@id\":\"https:\\\/\\\/archeolab.app\\\/archeonimaux\\\/les-fables\\\/#primaryimage\"},\"image\":{\"@id\":\"https:\\\/\\\/archeolab.app\\\/archeonimaux\\\/les-fables\\\/#primaryimage\"},\"thumbnailUrl\":\"https:\\\/\\\/archeolab.app\\\/archeonimaux\\\/wp-content\\\/uploads\\\/sites\\\/3\\\/2018\\\/01\\\/fig.27-mod-e1516023255881-756x1024.jpg\",\"datePublished\":\"2017-09-04T07:35:49+00:00\",\"dateModified\":\"2020-03-27T09:19:57+00:00\",\"breadcrumb\":{\"@id\":\"https:\\\/\\\/archeolab.app\\\/archeonimaux\\\/les-fables\\\/#breadcrumb\"},\"inLanguage\":\"fr-FR\",\"potentialAction\":[{\"@type\":\"ReadAction\",\"target\":[\"https:\\\/\\\/archeolab.app\\\/archeonimaux\\\/les-fables\\\/\"]}]},{\"@type\":\"ImageObject\",\"inLanguage\":\"fr-FR\",\"@id\":\"https:\\\/\\\/archeolab.app\\\/archeonimaux\\\/les-fables\\\/#primaryimage\",\"url\":\"https:\\\/\\\/archeolab.app\\\/archeonimaux\\\/wp-content\\\/uploads\\\/sites\\\/3\\\/2018\\\/01\\\/fig.27-mod-e1516023255881-scaled.jpg\",\"contentUrl\":\"https:\\\/\\\/archeolab.app\\\/archeonimaux\\\/wp-content\\\/uploads\\\/sites\\\/3\\\/2018\\\/01\\\/fig.27-mod-e1516023255881-scaled.jpg\",\"width\":1890,\"height\":2560,\"caption\":\"Les fables animali\u00e8res\"},{\"@type\":\"BreadcrumbList\",\"@id\":\"https:\\\/\\\/archeolab.app\\\/archeonimaux\\\/les-fables\\\/#breadcrumb\",\"itemListElement\":[{\"@type\":\"ListItem\",\"position\":1,\"name\":\"Accueil\",\"item\":\"https:\\\/\\\/archeolab.app\\\/archeonimaux\\\/\"},{\"@type\":\"ListItem\",\"position\":2,\"name\":\"Les fables\"}]},{\"@type\":\"WebSite\",\"@id\":\"https:\\\/\\\/archeolab.app\\\/archeonimaux\\\/#website\",\"url\":\"https:\\\/\\\/archeolab.app\\\/archeonimaux\\\/\",\"name\":\"Arch\u00e9onimaux\",\"description\":\"Pour tout savoir sur nos amies les b\u00eates dans l&#039;Antiquit\u00e9\",\"potentialAction\":[{\"@type\":\"SearchAction\",\"target\":{\"@type\":\"EntryPoint\",\"urlTemplate\":\"https:\\\/\\\/archeolab.app\\\/archeonimaux\\\/?s={search_term_string}\"},\"query-input\":{\"@type\":\"PropertyValueSpecification\",\"valueRequired\":true,\"valueName\":\"search_term_string\"}}],\"inLanguage\":\"fr-FR\"}]}<\/script>\n<!-- \/ Yoast SEO plugin. -->","yoast_head_json":{"title":"Les fables - Arch\u00e9onimaux","robots":{"index":"index","follow":"follow","max-snippet":"max-snippet:-1","max-image-preview":"max-image-preview:large","max-video-preview":"max-video-preview:-1"},"canonical":"https:\/\/archeolab.app\/archeonimaux\/les-fables\/","og_locale":"fr_FR","og_type":"article","og_title":"Les fables - Arch\u00e9onimaux","og_url":"https:\/\/archeolab.app\/archeonimaux\/les-fables\/","og_site_name":"Arch\u00e9onimaux","article_modified_time":"2020-03-27T09:19:57+00:00","og_image":[{"url":"https:\/\/archeolab.app\/archeonimaux\/wp-content\/uploads\/sites\/3\/2018\/01\/fig.27-mod-e1516023255881-756x1024.jpg","type":"","width":"","height":""}],"twitter_card":"summary_large_image","schema":{"@context":"https:\/\/schema.org","@graph":[{"@type":"WebPage","@id":"https:\/\/archeolab.app\/archeonimaux\/les-fables\/","url":"https:\/\/archeolab.app\/archeonimaux\/les-fables\/","name":"Les fables - Arch\u00e9onimaux","isPartOf":{"@id":"https:\/\/archeolab.app\/archeonimaux\/#website"},"primaryImageOfPage":{"@id":"https:\/\/archeolab.app\/archeonimaux\/les-fables\/#primaryimage"},"image":{"@id":"https:\/\/archeolab.app\/archeonimaux\/les-fables\/#primaryimage"},"thumbnailUrl":"https:\/\/archeolab.app\/archeonimaux\/wp-content\/uploads\/sites\/3\/2018\/01\/fig.27-mod-e1516023255881-756x1024.jpg","datePublished":"2017-09-04T07:35:49+00:00","dateModified":"2020-03-27T09:19:57+00:00","breadcrumb":{"@id":"https:\/\/archeolab.app\/archeonimaux\/les-fables\/#breadcrumb"},"inLanguage":"fr-FR","potentialAction":[{"@type":"ReadAction","target":["https:\/\/archeolab.app\/archeonimaux\/les-fables\/"]}]},{"@type":"ImageObject","inLanguage":"fr-FR","@id":"https:\/\/archeolab.app\/archeonimaux\/les-fables\/#primaryimage","url":"https:\/\/archeolab.app\/archeonimaux\/wp-content\/uploads\/sites\/3\/2018\/01\/fig.27-mod-e1516023255881-scaled.jpg","contentUrl":"https:\/\/archeolab.app\/archeonimaux\/wp-content\/uploads\/sites\/3\/2018\/01\/fig.27-mod-e1516023255881-scaled.jpg","width":1890,"height":2560,"caption":"Les fables animali\u00e8res"},{"@type":"BreadcrumbList","@id":"https:\/\/archeolab.app\/archeonimaux\/les-fables\/#breadcrumb","itemListElement":[{"@type":"ListItem","position":1,"name":"Accueil","item":"https:\/\/archeolab.app\/archeonimaux\/"},{"@type":"ListItem","position":2,"name":"Les fables"}]},{"@type":"WebSite","@id":"https:\/\/archeolab.app\/archeonimaux\/#website","url":"https:\/\/archeolab.app\/archeonimaux\/","name":"Arch\u00e9onimaux","description":"Pour tout savoir sur nos amies les b\u00eates dans l&#039;Antiquit\u00e9","potentialAction":[{"@type":"SearchAction","target":{"@type":"EntryPoint","urlTemplate":"https:\/\/archeolab.app\/archeonimaux\/?s={search_term_string}"},"query-input":{"@type":"PropertyValueSpecification","valueRequired":true,"valueName":"search_term_string"}}],"inLanguage":"fr-FR"}]}},"_links":{"self":[{"href":"https:\/\/archeolab.app\/archeonimaux\/wp-json\/wp\/v2\/pages\/652","targetHints":{"allow":["GET"]}}],"collection":[{"href":"https:\/\/archeolab.app\/archeonimaux\/wp-json\/wp\/v2\/pages"}],"about":[{"href":"https:\/\/archeolab.app\/archeonimaux\/wp-json\/wp\/v2\/types\/page"}],"author":[{"embeddable":true,"href":"https:\/\/archeolab.app\/archeonimaux\/wp-json\/wp\/v2\/users\/1"}],"replies":[{"embeddable":true,"href":"https:\/\/archeolab.app\/archeonimaux\/wp-json\/wp\/v2\/comments?post=652"}],"version-history":[{"count":7,"href":"https:\/\/archeolab.app\/archeonimaux\/wp-json\/wp\/v2\/pages\/652\/revisions"}],"predecessor-version":[{"id":1620,"href":"https:\/\/archeolab.app\/archeonimaux\/wp-json\/wp\/v2\/pages\/652\/revisions\/1620"}],"wp:attachment":[{"href":"https:\/\/archeolab.app\/archeonimaux\/wp-json\/wp\/v2\/media?parent=652"}],"curies":[{"name":"wp","href":"https:\/\/api.w.org\/{rel}","templated":true}]}}