{"id":624,"date":"2017-09-04T09:35:49","date_gmt":"2017-09-04T07:35:49","guid":{"rendered":"http:\/\/www.archeoweb.ch\/expo\/archeonimaux\/la-fondation-gandur-pour-lart\/ethique-et-politique-dacquisition\/"},"modified":"2020-03-30T14:19:22","modified_gmt":"2020-03-30T12:19:22","slug":"ethique-et-politique-dacquisition","status":"publish","type":"page","link":"https:\/\/archeolab.app\/archeonimaux\/la-fondation-gandur-pour-lart\/ethique-et-politique-dacquisition\/","title":{"rendered":"\u00c9thique et politique d\u2019acquisition"},"content":{"rendered":"<p style=\"text-align: justify;\"><strong>Membre de l\u2019ICOM depuis 2013, les conservateurs de la Fondation Gandur pour l\u2019Art r\u00e9alisent au quotidien une recherche sur la provenance des objets arch\u00e9ologiques susceptibles d\u2019accro\u00eetre nos collections.<\/strong><\/p>\n<p style=\"text-align: justify;\">Il faut en effet s\u2019assurer que les objets sont authentiques, qu\u2019ils sont de provenance s\u00fbre et ne sont pas r\u00e9clam\u00e9s par un pays tiers comme ayant \u00e9t\u00e9 vol\u00e9s\u00a0et qu\u2019ils sont en ordre d\u2019importation. En ces temps troubl\u00e9s, o\u00f9 le trafic illicite de biens culturels prosp\u00e8re partout, nous devons redoubler de pr\u00e9cautions lorsqu\u2019il s\u2019agit d\u2019acqu\u00e9rir un bien arch\u00e9ologique.<\/p>\n<p style=\"text-align: justify;\">Les objets peuvent \u00eatre au c\u0153ur de deux types de fraudes : le vol (objets vol\u00e9s soit \u00e0 un \u00c9tat, soit \u00e0 un propri\u00e9taire priv\u00e9) ou l\u2019exportation illicite avant ou apr\u00e8s l\u2019entr\u00e9e en vigueur des lois applicables \u00e0 leurs pays respectifs.<\/p>\n<p style=\"text-align: justify;\">Avant l\u2019achat d\u2019un objet, les conservateurs m\u00e8nent un travail de diligence, entre autres en v\u00e9rifiant les listes rouges des biens culturels vol\u00e9s (bases de donn\u00e9es d\u2019Interpol, de l\u2019Unesco et de l\u2019ICOM, l\u2019Art Loss Register).<\/p>\n<p style=\"text-align: justify;\">Tous les objets arch\u00e9ologiques de notre collection ont donc \u00e9t\u00e9 acquis dans le respect de la Loi suisse sur le Trafic des Biens Culturels (2005, LTBC).<\/p>\n","protected":false},"excerpt":{"rendered":"<p>Membre de l\u2019ICOM depuis 2013, les conservateurs de la Fondation Gandur pour l\u2019Art r\u00e9alisent au quotidien une recherche sur la provenance des objets arch\u00e9ologiques susceptibles d\u2019accro\u00eetre nos collections. Il faut &hellip; <a href=\"https:\/\/archeolab.app\/archeonimaux\/la-fondation-gandur-pour-lart\/ethique-et-politique-dacquisition\/\" class=\"more-link\">Continuer la lecture de <span class=\"screen-reader-text\">\u00c9thique et politique d\u2019acquisition<\/span><\/a><\/p>\n","protected":false},"author":1,"featured_media":0,"parent":621,"menu_order":3,"comment_status":"closed","ping_status":"closed","template":"","meta":{"_acf_changed":false,"footnotes":""},"class_list":["post-624","page","type-page","status-publish","hentry"],"acf":[],"yoast_head":"<!-- This site is optimized with the Yoast SEO plugin v27.6 - https:\/\/yoast.com\/product\/yoast-seo-wordpress\/ -->\n<title>\u00c9thique et politique d\u2019acquisition - Arch\u00e9onimaux<\/title>\n<meta name=\"robots\" content=\"index, follow, max-snippet:-1, max-image-preview:large, max-video-preview:-1\" \/>\n<link rel=\"canonical\" href=\"https:\/\/archeolab.app\/archeonimaux\/la-fondation-gandur-pour-lart\/ethique-et-politique-dacquisition\/\" \/>\n<meta property=\"og:locale\" content=\"fr_FR\" \/>\n<meta property=\"og:type\" content=\"article\" \/>\n<meta property=\"og:title\" content=\"\u00c9thique et politique d\u2019acquisition - Arch\u00e9onimaux\" \/>\n<meta property=\"og:description\" content=\"Membre de l\u2019ICOM depuis 2013, les conservateurs de la Fondation Gandur pour l\u2019Art r\u00e9alisent au quotidien une recherche sur la provenance des objets arch\u00e9ologiques susceptibles d\u2019accro\u00eetre nos collections. Il faut &hellip; Continuer la lecture de \u00c9thique et politique d\u2019acquisition\" \/>\n<meta property=\"og:url\" content=\"https:\/\/archeolab.app\/archeonimaux\/la-fondation-gandur-pour-lart\/ethique-et-politique-dacquisition\/\" \/>\n<meta property=\"og:site_name\" content=\"Arch\u00e9onimaux\" \/>\n<meta property=\"article:modified_time\" content=\"2020-03-30T12:19:22+00:00\" \/>\n<meta name=\"twitter:card\" content=\"summary_large_image\" \/>\n<meta name=\"twitter:label1\" content=\"Dur\u00e9e de lecture estim\u00e9e\" \/>\n\t<meta name=\"twitter:data1\" content=\"1 minute\" \/>\n<script type=\"application\/ld+json\" class=\"yoast-schema-graph\">{\"@context\":\"https:\\\/\\\/schema.org\",\"@graph\":[{\"@type\":\"WebPage\",\"@id\":\"https:\\\/\\\/archeolab.app\\\/archeonimaux\\\/la-fondation-gandur-pour-lart\\\/ethique-et-politique-dacquisition\\\/\",\"url\":\"https:\\\/\\\/archeolab.app\\\/archeonimaux\\\/la-fondation-gandur-pour-lart\\\/ethique-et-politique-dacquisition\\\/\",\"name\":\"\u00c9thique et politique d\u2019acquisition - Arch\u00e9onimaux\",\"isPartOf\":{\"@id\":\"https:\\\/\\\/archeolab.app\\\/archeonimaux\\\/#website\"},\"datePublished\":\"2017-09-04T07:35:49+00:00\",\"dateModified\":\"2020-03-30T12:19:22+00:00\",\"breadcrumb\":{\"@id\":\"https:\\\/\\\/archeolab.app\\\/archeonimaux\\\/la-fondation-gandur-pour-lart\\\/ethique-et-politique-dacquisition\\\/#breadcrumb\"},\"inLanguage\":\"fr-FR\",\"potentialAction\":[{\"@type\":\"ReadAction\",\"target\":[\"https:\\\/\\\/archeolab.app\\\/archeonimaux\\\/la-fondation-gandur-pour-lart\\\/ethique-et-politique-dacquisition\\\/\"]}]},{\"@type\":\"BreadcrumbList\",\"@id\":\"https:\\\/\\\/archeolab.app\\\/archeonimaux\\\/la-fondation-gandur-pour-lart\\\/ethique-et-politique-dacquisition\\\/#breadcrumb\",\"itemListElement\":[{\"@type\":\"ListItem\",\"position\":1,\"name\":\"Accueil\",\"item\":\"https:\\\/\\\/archeolab.app\\\/archeonimaux\\\/\"},{\"@type\":\"ListItem\",\"position\":2,\"name\":\"La Fondation Gandur pour l\u2019Art\",\"item\":\"https:\\\/\\\/archeolab.app\\\/archeonimaux\\\/la-fondation-gandur-pour-lart\\\/\"},{\"@type\":\"ListItem\",\"position\":3,\"name\":\"\u00c9thique et politique d\u2019acquisition\"}]},{\"@type\":\"WebSite\",\"@id\":\"https:\\\/\\\/archeolab.app\\\/archeonimaux\\\/#website\",\"url\":\"https:\\\/\\\/archeolab.app\\\/archeonimaux\\\/\",\"name\":\"Arch\u00e9onimaux\",\"description\":\"Pour tout savoir sur nos amies les b\u00eates dans l&#039;Antiquit\u00e9\",\"potentialAction\":[{\"@type\":\"SearchAction\",\"target\":{\"@type\":\"EntryPoint\",\"urlTemplate\":\"https:\\\/\\\/archeolab.app\\\/archeonimaux\\\/?s={search_term_string}\"},\"query-input\":{\"@type\":\"PropertyValueSpecification\",\"valueRequired\":true,\"valueName\":\"search_term_string\"}}],\"inLanguage\":\"fr-FR\"}]}<\/script>\n<!-- \/ Yoast SEO plugin. -->","yoast_head_json":{"title":"\u00c9thique et politique d\u2019acquisition - Arch\u00e9onimaux","robots":{"index":"index","follow":"follow","max-snippet":"max-snippet:-1","max-image-preview":"max-image-preview:large","max-video-preview":"max-video-preview:-1"},"canonical":"https:\/\/archeolab.app\/archeonimaux\/la-fondation-gandur-pour-lart\/ethique-et-politique-dacquisition\/","og_locale":"fr_FR","og_type":"article","og_title":"\u00c9thique et politique d\u2019acquisition - Arch\u00e9onimaux","og_description":"Membre de l\u2019ICOM depuis 2013, les conservateurs de la Fondation Gandur pour l\u2019Art r\u00e9alisent au quotidien une recherche sur la provenance des objets arch\u00e9ologiques susceptibles d\u2019accro\u00eetre nos collections. Il faut &hellip; Continuer la lecture de \u00c9thique et politique d\u2019acquisition","og_url":"https:\/\/archeolab.app\/archeonimaux\/la-fondation-gandur-pour-lart\/ethique-et-politique-dacquisition\/","og_site_name":"Arch\u00e9onimaux","article_modified_time":"2020-03-30T12:19:22+00:00","twitter_card":"summary_large_image","twitter_misc":{"Dur\u00e9e de lecture estim\u00e9e":"1 minute"},"schema":{"@context":"https:\/\/schema.org","@graph":[{"@type":"WebPage","@id":"https:\/\/archeolab.app\/archeonimaux\/la-fondation-gandur-pour-lart\/ethique-et-politique-dacquisition\/","url":"https:\/\/archeolab.app\/archeonimaux\/la-fondation-gandur-pour-lart\/ethique-et-politique-dacquisition\/","name":"\u00c9thique et politique d\u2019acquisition - Arch\u00e9onimaux","isPartOf":{"@id":"https:\/\/archeolab.app\/archeonimaux\/#website"},"datePublished":"2017-09-04T07:35:49+00:00","dateModified":"2020-03-30T12:19:22+00:00","breadcrumb":{"@id":"https:\/\/archeolab.app\/archeonimaux\/la-fondation-gandur-pour-lart\/ethique-et-politique-dacquisition\/#breadcrumb"},"inLanguage":"fr-FR","potentialAction":[{"@type":"ReadAction","target":["https:\/\/archeolab.app\/archeonimaux\/la-fondation-gandur-pour-lart\/ethique-et-politique-dacquisition\/"]}]},{"@type":"BreadcrumbList","@id":"https:\/\/archeolab.app\/archeonimaux\/la-fondation-gandur-pour-lart\/ethique-et-politique-dacquisition\/#breadcrumb","itemListElement":[{"@type":"ListItem","position":1,"name":"Accueil","item":"https:\/\/archeolab.app\/archeonimaux\/"},{"@type":"ListItem","position":2,"name":"La Fondation Gandur pour l\u2019Art","item":"https:\/\/archeolab.app\/archeonimaux\/la-fondation-gandur-pour-lart\/"},{"@type":"ListItem","position":3,"name":"\u00c9thique et politique d\u2019acquisition"}]},{"@type":"WebSite","@id":"https:\/\/archeolab.app\/archeonimaux\/#website","url":"https:\/\/archeolab.app\/archeonimaux\/","name":"Arch\u00e9onimaux","description":"Pour tout savoir sur nos amies les b\u00eates dans l&#039;Antiquit\u00e9","potentialAction":[{"@type":"SearchAction","target":{"@type":"EntryPoint","urlTemplate":"https:\/\/archeolab.app\/archeonimaux\/?s={search_term_string}"},"query-input":{"@type":"PropertyValueSpecification","valueRequired":true,"valueName":"search_term_string"}}],"inLanguage":"fr-FR"}]}},"_links":{"self":[{"href":"https:\/\/archeolab.app\/archeonimaux\/wp-json\/wp\/v2\/pages\/624","targetHints":{"allow":["GET"]}}],"collection":[{"href":"https:\/\/archeolab.app\/archeonimaux\/wp-json\/wp\/v2\/pages"}],"about":[{"href":"https:\/\/archeolab.app\/archeonimaux\/wp-json\/wp\/v2\/types\/page"}],"author":[{"embeddable":true,"href":"https:\/\/archeolab.app\/archeonimaux\/wp-json\/wp\/v2\/users\/1"}],"replies":[{"embeddable":true,"href":"https:\/\/archeolab.app\/archeonimaux\/wp-json\/wp\/v2\/comments?post=624"}],"version-history":[{"count":4,"href":"https:\/\/archeolab.app\/archeonimaux\/wp-json\/wp\/v2\/pages\/624\/revisions"}],"predecessor-version":[{"id":1655,"href":"https:\/\/archeolab.app\/archeonimaux\/wp-json\/wp\/v2\/pages\/624\/revisions\/1655"}],"up":[{"embeddable":true,"href":"https:\/\/archeolab.app\/archeonimaux\/wp-json\/wp\/v2\/pages\/621"}],"wp:attachment":[{"href":"https:\/\/archeolab.app\/archeonimaux\/wp-json\/wp\/v2\/media?parent=624"}],"curies":[{"name":"wp","href":"https:\/\/api.w.org\/{rel}","templated":true}]}}